{"id":1,"date":"2020-02-10T23:38:15","date_gmt":"2020-02-10T22:38:15","guid":{"rendered":"http:\/\/www.cpcm03.fr\/?p=1"},"modified":"2025-01-31T21:00:34","modified_gmt":"2025-01-31T20:00:34","slug":"bonjour-tout-le-monde","status":"publish","type":"page","link":"https:\/\/www.cpcm03.fr\/","title":{"rendered":"BIENVENUE"},"content":{"rendered":"\n<p><\/p>\n\n\n\n<figure class=\"wp-block-image size-full\"><img loading=\"lazy\" decoding=\"async\" width=\"200\" height=\"239\" src=\"https:\/\/www.cpcm03.fr\/wp-content\/uploads\/2024\/11\/Capture-decran-Photo-200-.png\" alt=\"\" class=\"wp-image-6265\"\/><\/figure>\n\n\n\n<p class=\"has-text-align-left has-bright-blue-color has-text-color\" style=\"font-size:22px\">A<strong>MIS PHOTOGRAPHES : BONJOUR <\/strong><\/p>\n\n\n\n<p>Bienvenue sur le Site Internet du Cin\u00e9 Photo Club Montlu\u00e7onnais. <br>Si\u00e8ge social, Maison des Associations Boris Vian, 27 rue des Faucheroux 03100 Montlu\u00e7on<\/p>\n\n\n\n<p class=\"has-text-align-left\"><\/p>\n\n\n\n<p><em>Nos adh\u00e9rents, s\u2019ils le souhaitent, peuvent pr\u00e9senter leurs images lors des soir\u00e9es d\u2019analyse pour recevoir avis et conseils sur leurs prises de vue. <\/em><br><em>Le Club participe \u00e0 des expositions et \u00e0 des concours photo r\u00e9gionaux.<\/em><\/p>\n\n\n\n<p>Des sorties photos sont \u00e9galement programm\u00e9es.<\/p>\n\n\n\n<p>Chaque ann\u00e9e depuis 1960,  le Club organise son salon photo annuel avec pr\u00e9sentation d&rsquo;environ 150 photos sur des th\u00e8mes divers, entr\u00e9e libre.<\/p>\n\n\n\n<p><em>Les r\u00e9unions ont lieu les 1er et 3\u00e8me lundi de chaque mois \u00e0 20h \u00e0 la<\/em> <em>MJC de Fontbouillant \u00e0 Montlu\u00e7on , avec exceptionnellement quelques autres dates ,pendant les vacances scolaires.<\/em><\/p>\n\n\n\n<p><em>Notre devise : APPRENDRE &#8211; DECOUVRIR &#8211; ECHANGER &#8211; PARTAGER en toute convivialit\u00e9.<\/em><\/p>\n\n\n\n<h2 class=\"wp-block-heading\">Composition du bureau 2024 &#8211; 2025 <\/h2>\n\n\n\n<p><strong>Pr\u00e9sident <\/strong>: Pascal F\u00e9niet<\/p>\n\n\n\n<p><strong>Vice Pr\u00e9sident <\/strong>: Philippe Petit<br><strong>Secr\u00e9taire<\/strong> : Olivier Peyrot<br><strong>Tr\u00e9sori\u00e8re <\/strong>: Claudine Lasne<\/p>\n\n\n\n<p><em><strong>Site Internet :<\/strong> Antoine G\u00e9rardo<\/em><\/p>\n\n\n\n<p><a rel=\"noreferrer noopener\" href=\"mailto:contact@cpcm03.fr\" target=\"_blank\">contact@cpcm03.fr<\/a><\/p>\n\n\n\n<figure class=\"wp-block-image size-full is-resized\"><a href=\"https:\/\/www.facebook.com\/Cpcm03\/\" rel=\" https:\/\/www.facebook.com\/Cpcm03\/\"><img loading=\"lazy\" decoding=\"async\" width=\"204\" height=\"192\" src=\"https:\/\/www.cpcm03.fr\/wp-content\/uploads\/2024\/11\/telechargement-9.jpg\" alt=\"\" class=\"wp-image-6270\" style=\"aspect-ratio:1.0625;width:181px;height:auto\"\/><\/a><\/figure>\n\n\n\n<p>Page Facebook du Club Photo :&nbsp;<a href=\"https:\/\/www.facebook.com\/Cpcm03\/\">https:\/\/www.facebook.com\/Cpcm03\/<\/a><\/p>\n\n\n\n<p><\/p>\n\n\n\n<figure class=\"wp-block-image size-large\"><img loading=\"lazy\" decoding=\"async\" width=\"800\" height=\"390\" src=\"http:\/\/www.cpcm03.fr\/wp-content\/uploads\/2020\/06\/Hotel-de-Ville-de-Montlu\u00e7on-1840-800x390.jpg\" alt=\"\" class=\"wp-image-1679\" srcset=\"https:\/\/www.cpcm03.fr\/wp-content\/uploads\/2020\/06\/Hotel-de-Ville-de-Montlu\u00e7on-1840-800x390.jpg 800w, https:\/\/www.cpcm03.fr\/wp-content\/uploads\/2020\/06\/Hotel-de-Ville-de-Montlu\u00e7on-1840-300x146.jpg 300w, https:\/\/www.cpcm03.fr\/wp-content\/uploads\/2020\/06\/Hotel-de-Ville-de-Montlu\u00e7on-1840-768x375.jpg 768w, https:\/\/www.cpcm03.fr\/wp-content\/uploads\/2020\/06\/Hotel-de-Ville-de-Montlu\u00e7on-1840.jpg 900w\" sizes=\"auto, (max-width: 800px) 100vw, 800px\" \/><figcaption class=\"wp-element-caption\">H\u00f4tel de ville de Montlu\u00e7on<\/figcaption><\/figure>\n\n\n\n<figure><video style=\"aspect-ratio: 768 \/ 576;\" src=\"http:\/\/www.cpcm03.fr\/wp-content\/uploads\/2022\/12\/Mairie-Illuminations-.mp4\" controls=\"controls\" width=\"768\" height=\"576\"><\/video><\/figure>\n\n\n\n<figure><img decoding=\"async\" src=\"http:\/\/www.cpcm03.fr\/wp-content\/uploads\/2022\/12\/2022-Illumin-site-_DSC0722-800x530.jpg\" alt=\"\" \/><\/figure>\n\n\n\n<p>&nbsp;<\/p>\n\n\n\n<figure><img decoding=\"async\" src=\"http:\/\/www.cpcm03.fr\/wp-content\/uploads\/2020\/06\/Vieux-Ch\u00e2teau-Site--800x466.jpg\" alt=\"\" \/>\n<figcaption>Ch\u00e2teau des ducs de Bourbon \u00e0 Montlu\u00e7on<\/figcaption>\n<\/figure>\n\n\n\n<figure><img decoding=\"async\" src=\"http:\/\/www.cpcm03.fr\/wp-content\/uploads\/2022\/12\/Vieux-Chateau-site-_DSC1332-800x531.jpg\" alt=\"\" \/><\/figure>\n\n\n\n<p><\/p>\n\n\n\n<figure class=\"wp-block-image size-large\"><img loading=\"lazy\" decoding=\"async\" width=\"800\" height=\"537\" src=\"http:\/\/www.cpcm03.fr\/wp-content\/uploads\/2024\/03\/Montlucon-f-1709484590470-1-800x537.jpg\" alt=\"\" class=\"wp-image-5768\" srcset=\"https:\/\/www.cpcm03.fr\/wp-content\/uploads\/2024\/03\/Montlucon-f-1709484590470-1-800x537.jpg 800w, https:\/\/www.cpcm03.fr\/wp-content\/uploads\/2024\/03\/Montlucon-f-1709484590470-1-300x202.jpg 300w, https:\/\/www.cpcm03.fr\/wp-content\/uploads\/2024\/03\/Montlucon-f-1709484590470-1-768x516.jpg 768w, https:\/\/www.cpcm03.fr\/wp-content\/uploads\/2024\/03\/Montlucon-f-1709484590470-1-690x463.jpg 690w, https:\/\/www.cpcm03.fr\/wp-content\/uploads\/2024\/03\/Montlucon-f-1709484590470-1-980x658.jpg 980w, https:\/\/www.cpcm03.fr\/wp-content\/uploads\/2024\/03\/Montlucon-f-1709484590470-1.jpg 1200w\" sizes=\"auto, (max-width: 800px) 100vw, 800px\" \/><\/figure>\n\n\n\n<p><\/p>\n\n\n\n<figure><img decoding=\"async\" src=\"http:\/\/www.cpcm03.fr\/wp-content\/uploads\/2022\/10\/MJC-800x496.jpg\" alt=\"\" \/>\n<figcaption>Lieu de nos r\u00e9unions 1er et 3\u00e8me lundi de chaque mois \u00e0 20h<\/figcaption>\n<\/figure>\n\n\n\n<p><\/p>\n\n\n\n<p><strong>Le calendrier de nos r\u00e9unions saison 2024 &#8211; 2025 est ci-dessous.<\/strong><\/p>\n\n\n\n<div class=\"wp-block-file\"><a id=\"wp-block-file--media-c62382cb-b1a4-4fac-aab5-f34f6c0be4e1\" href=\"https:\/\/www.cpcm03.fr\/wp-content\/uploads\/2024\/11\/Calendrier-CPCM-2024-2025-3-3-1.pdf\" target=\"_blank\" rel=\"noreferrer noopener\">Calendrier-CPCM-2024-2025-3-3-1<\/a><a href=\"https:\/\/www.cpcm03.fr\/wp-content\/uploads\/2024\/11\/Calendrier-CPCM-2024-2025-3-3-1.pdf\" class=\"wp-block-file__button wp-element-button\" download aria-describedby=\"wp-block-file--media-c62382cb-b1a4-4fac-aab5-f34f6c0be4e1\">T\u00e9l\u00e9charger<\/a><\/div>\n","protected":false},"excerpt":{"rendered":"<p>AMIS PHOTOGRAPHES : BONJOUR Bienvenue sur le Site Internet du Cin\u00e9 Photo Club Montlu\u00e7onnais. Si\u00e8ge social, Maison des Associations Boris Vian, 27 rue des Faucheroux 03100 Montlu\u00e7on Nos adh\u00e9rents, s\u2019ils le souhaitent, peuvent pr\u00e9senter leurs images lors des soir\u00e9es d\u2019analyse pour recevoir avis et conseils sur leurs prises de vue. Le Club participe \u00e0 des [&hellip;]<\/p>\n","protected":false},"author":1,"featured_media":0,"parent":0,"menu_order":0,"comment_status":"closed","ping_status":"open","template":"","meta":{"_bbp_topic_count":0,"_bbp_reply_count":0,"_bbp_total_topic_count":0,"_bbp_total_reply_count":0,"_bbp_voice_count":0,"_bbp_anonymous_reply_count":0,"_bbp_topic_count_hidden":0,"_bbp_reply_count_hidden":0,"_bbp_forum_subforum_count":0,"om_disable_all_campaigns":false,"_monsterinsights_skip_tracking":false,"_monsterinsights_sitenote_active":false,"_monsterinsights_sitenote_note":"","_monsterinsights_sitenote_category":0,"_uf_show_specific_survey":0,"_uf_disable_surveys":false,"footnotes":""},"class_list":["post-1","page","type-page","status-publish","hentry"],"aioseo_notices":[],"_links":{"self":[{"href":"https:\/\/www.cpcm03.fr\/index.php?rest_route=\/wp\/v2\/pages\/1","targetHints":{"allow":["GET"]}}],"collection":[{"href":"https:\/\/www.cpcm03.fr\/index.php?rest_route=\/wp\/v2\/pages"}],"about":[{"href":"https:\/\/www.cpcm03.fr\/index.php?rest_route=\/wp\/v2\/types\/page"}],"author":[{"embeddable":true,"href":"https:\/\/www.cpcm03.fr\/index.php?rest_route=\/wp\/v2\/users\/1"}],"replies":[{"embeddable":true,"href":"https:\/\/www.cpcm03.fr\/index.php?rest_route=%2Fwp%2Fv2%2Fcomments&post=1"}],"version-history":[{"count":148,"href":"https:\/\/www.cpcm03.fr\/index.php?rest_route=\/wp\/v2\/pages\/1\/revisions"}],"predecessor-version":[{"id":6598,"href":"https:\/\/www.cpcm03.fr\/index.php?rest_route=\/wp\/v2\/pages\/1\/revisions\/6598"}],"wp:attachment":[{"href":"https:\/\/www.cpcm03.fr\/index.php?rest_route=%2Fwp%2Fv2%2Fmedia&parent=1"}],"curies":[{"name":"wp","href":"https:\/\/api.w.org\/{rel}","templated":true}]}}

<p></p>



<figure class="wp-block-image size-full"><img loading="lazy" decoding="async" width="200" height="239" src="https://www.cpcm03.fr/wp-content/uploads/2024/11/Capture-decran-Photo-200-.png" alt="" class="wp-image-6265"/></figure>



<p class="has-text-align-left has-bright-blue-color has-text-color" style="font-size:22px">A<strong>MIS PHOTOGRAPHES : BONJOUR </strong></p>



<p>Bienvenue sur le Site Internet du Ciné Photo Club Montluçonnais. <br>Siège social, Maison des Associations Boris Vian, 27 rue des Faucheroux 03100 Montluçon</p>



<p class="has-text-align-left"></p>



<p><em>Nos adhérents, s’ils le souhaitent, peuvent présenter leurs images lors des soirées d’analyse pour recevoir avis et conseils sur leurs prises de vue. </em><br><em>Le Club participe à des expositions et à des concours photo régionaux.</em></p>



<p>Des sorties photos sont également programmées.</p>



<p>Chaque année depuis 1960,  le Club organise son salon photo annuel avec présentation d&rsquo;environ 150 photos sur des thèmes divers, entrée libre.</p>



<p><em>Les réunions ont lieu les 1er et 3ème lundi de chaque mois à 20h à la</em> <em>MJC de Fontbouillant à Montluçon , avec exceptionnellement quelques autres dates ,pendant les vacances scolaires.</em></p>



<p><em>Notre devise : APPRENDRE &#8211; DECOUVRIR &#8211; ECHANGER &#8211; PARTAGER en toute convivialité.</em></p>



<h2 class="wp-block-heading">Composition du bureau 2024 &#8211; 2025 </h2>



<p><strong>Président </strong>: Pascal Féniet</p>



<p><strong>Vice Président </strong>: Philippe Petit<br><strong>Secrétaire</strong> : Olivier Peyrot<br><strong>Trésorière </strong>: Claudine Lasne</p>



<p><em><strong>Site Internet :</strong> Antoine Gérardo</em></p>



<p><a rel="noreferrer noopener" href="mailto:contact@cpcm03.fr" target="_blank">contact@cpcm03.fr</a></p>



<figure class="wp-block-image size-full is-resized"><a href="https://www.facebook.com/Cpcm03/" rel=" https://www.facebook.com/Cpcm03/"><img loading="lazy" decoding="async" width="204" height="192" src="https://www.cpcm03.fr/wp-content/uploads/2024/11/telechargement-9.jpg" alt="" class="wp-image-6270" style="aspect-ratio:1.0625;width:181px;height:auto"/></a></figure>



<p>Page Facebook du Club Photo :&nbsp;<a href="https://www.facebook.com/Cpcm03/">https://www.facebook.com/Cpcm03/</a></p>



<p></p>



<figure class="wp-block-image size-large"><img loading="lazy" decoding="async" width="800" height="390" src="http://www.cpcm03.fr/wp-content/uploads/2020/06/Hotel-de-Ville-de-Montluçon-1840-800x390.jpg" alt="" class="wp-image-1679" srcset="https://www.cpcm03.fr/wp-content/uploads/2020/06/Hotel-de-Ville-de-Montluçon-1840-800x390.jpg 800w, https://www.cpcm03.fr/wp-content/uploads/2020/06/Hotel-de-Ville-de-Montluçon-1840-300x146.jpg 300w, https://www.cpcm03.fr/wp-content/uploads/2020/06/Hotel-de-Ville-de-Montluçon-1840-768x375.jpg 768w, https://www.cpcm03.fr/wp-content/uploads/2020/06/Hotel-de-Ville-de-Montluçon-1840.jpg 900w" sizes="auto, (max-width: 800px) 100vw, 800px" /><figcaption class="wp-element-caption">Hôtel de ville de Montluçon</figcaption></figure>



<figure><video style="aspect-ratio: 768 / 576;" src="http://www.cpcm03.fr/wp-content/uploads/2022/12/Mairie-Illuminations-.mp4" controls="controls" width="768" height="576"></video></figure>



<figure><img decoding="async" src="http://www.cpcm03.fr/wp-content/uploads/2022/12/2022-Illumin-site-_DSC0722-800x530.jpg" alt="" /></figure>



<p>&nbsp;</p>



<figure><img decoding="async" src="http://www.cpcm03.fr/wp-content/uploads/2020/06/Vieux-Château-Site--800x466.jpg" alt="" />
<figcaption>Château des ducs de Bourbon à Montluçon</figcaption>
</figure>



<figure><img decoding="async" src="http://www.cpcm03.fr/wp-content/uploads/2022/12/Vieux-Chateau-site-_DSC1332-800x531.jpg" alt="" /></figure>



<p></p>



<figure class="wp-block-image size-large"><img loading="lazy" decoding="async" width="800" height="537" src="http://www.cpcm03.fr/wp-content/uploads/2024/03/Montlucon-f-1709484590470-1-800x537.jpg" alt="" class="wp-image-5768" srcset="https://www.cpcm03.fr/wp-content/uploads/2024/03/Montlucon-f-1709484590470-1-800x537.jpg 800w, https://www.cpcm03.fr/wp-content/uploads/2024/03/Montlucon-f-1709484590470-1-300x202.jpg 300w, https://www.cpcm03.fr/wp-content/uploads/2024/03/Montlucon-f-1709484590470-1-768x516.jpg 768w, https://www.cpcm03.fr/wp-content/uploads/2024/03/Montlucon-f-1709484590470-1-690x463.jpg 690w, https://www.cpcm03.fr/wp-content/uploads/2024/03/Montlucon-f-1709484590470-1-980x658.jpg 980w, https://www.cpcm03.fr/wp-content/uploads/2024/03/Montlucon-f-1709484590470-1.jpg 1200w" sizes="auto, (max-width: 800px) 100vw, 800px" /></figure>



<p></p>



<figure><img decoding="async" src="http://www.cpcm03.fr/wp-content/uploads/2022/10/MJC-800x496.jpg" alt="" />
<figcaption>Lieu de nos réunions 1er et 3ème lundi de chaque mois à 20h</figcaption>
</figure>



<p></p>



<p><strong>Le calendrier de nos réunions saison 2024 &#8211; 2025 est ci-dessous.</strong></p>



<div class="wp-block-file"><a id="wp-block-file--media-c62382cb-b1a4-4fac-aab5-f34f6c0be4e1" href="https://www.cpcm03.fr/wp-content/uploads/2024/11/Calendrier-CPCM-2024-2025-3-3-1.pdf" target="_blank" rel="noreferrer noopener">Calendrier-CPCM-2024-2025-3-3-1</a><a href="https://www.cpcm03.fr/wp-content/uploads/2024/11/Calendrier-CPCM-2024-2025-3-3-1.pdf" class="wp-block-file__button wp-element-button" download aria-describedby="wp-block-file--media-c62382cb-b1a4-4fac-aab5-f34f6c0be4e1">Télécharger</a></div>

<p>AMIS PHOTOGRAPHES : BONJOUR Bienvenue sur le Site Internet du Ciné Photo Club Montluçonnais. Siège social, Maison des Associations Boris Vian, 27 rue des Faucheroux 03100 Montluçon Nos adhérents, s’ils le souhaitent, peuvent présenter leurs images lors des soirées d’analyse pour recevoir avis et conseils sur leurs prises de vue. Le Club participe à des [&hellip;]</p>
