{"id":1317,"date":"2020-06-05T19:13:50","date_gmt":"2020-06-05T17:13:50","guid":{"rendered":"http:\/\/www.cpcm03.fr\/?page_id=1317"},"modified":"2021-11-06T09:57:13","modified_gmt":"2021-11-06T08:57:13","slug":"revue-de-presse","status":"publish","type":"page","link":"https:\/\/www.cpcm03.fr\/?page_id=1317","title":{"rendered":"Revue de presse"},"content":{"rendered":"\n<figure class=\"wp-block-image size-large\"><img loading=\"lazy\" decoding=\"async\" width=\"800\" height=\"570\" src=\"http:\/\/www.cpcm03.fr\/wp-content\/uploads\/2021\/11\/EXPO-PHOTO-LM-6-11-2021-1-800x570.jpg\" alt=\"\" class=\"wp-image-4023\" srcset=\"https:\/\/www.cpcm03.fr\/wp-content\/uploads\/2021\/11\/EXPO-PHOTO-LM-6-11-2021-1-800x570.jpg 800w, https:\/\/www.cpcm03.fr\/wp-content\/uploads\/2021\/11\/EXPO-PHOTO-LM-6-11-2021-1-300x214.jpg 300w, https:\/\/www.cpcm03.fr\/wp-content\/uploads\/2021\/11\/EXPO-PHOTO-LM-6-11-2021-1-768x548.jpg 768w, https:\/\/www.cpcm03.fr\/wp-content\/uploads\/2021\/11\/EXPO-PHOTO-LM-6-11-2021-1.jpg 840w\" sizes=\"auto, (max-width: 800px) 100vw, 800px\" \/><\/figure>\n\n\n\n<p class=\"has-text-align-center\">******<\/p>\n\n\n\n<p>EXPO PHOTO \u00e0 la M\u00e9diath\u00e8que de Fontbouillant du 6 novembre au 18 d\u00e9cembre 2021<\/p>\n\n\n\n<figure class=\"wp-block-image size-large\"><img loading=\"lazy\" decoding=\"async\" width=\"800\" height=\"752\" src=\"http:\/\/www.cpcm03.fr\/wp-content\/uploads\/2021\/11\/Expo-Photo-Semaine-de-lAllier-800x752.jpg\" alt=\"\" class=\"wp-image-4019\" srcset=\"https:\/\/www.cpcm03.fr\/wp-content\/uploads\/2021\/11\/Expo-Photo-Semaine-de-lAllier-800x752.jpg 800w, https:\/\/www.cpcm03.fr\/wp-content\/uploads\/2021\/11\/Expo-Photo-Semaine-de-lAllier-300x282.jpg 300w, https:\/\/www.cpcm03.fr\/wp-content\/uploads\/2021\/11\/Expo-Photo-Semaine-de-lAllier-768x722.jpg 768w, https:\/\/www.cpcm03.fr\/wp-content\/uploads\/2021\/11\/Expo-Photo-Semaine-de-lAllier.jpg 900w\" sizes=\"auto, (max-width: 800px) 100vw, 800px\" \/><\/figure>\n\n\n\n<p class=\"has-text-align-center\">******<\/p>\n\n\n\n<p>EXPO PHOTO La Louvi\u00e8re 2021<\/p>\n\n\n\n<p><\/p>\n\n\n\n<div class=\"wp-block-image\"><figure class=\"aligncenter size-large\"><img loading=\"lazy\" decoding=\"async\" width=\"697\" height=\"800\" src=\"http:\/\/www.cpcm03.fr\/wp-content\/uploads\/2021\/07\/Capture-La-Montagne-2021-697x800.jpg\" alt=\"\" class=\"wp-image-3669\" srcset=\"https:\/\/www.cpcm03.fr\/wp-content\/uploads\/2021\/07\/Capture-La-Montagne-2021-697x800.jpg 697w, https:\/\/www.cpcm03.fr\/wp-content\/uploads\/2021\/07\/Capture-La-Montagne-2021-261x300.jpg 261w, https:\/\/www.cpcm03.fr\/wp-content\/uploads\/2021\/07\/Capture-La-Montagne-2021-768x881.jpg 768w, https:\/\/www.cpcm03.fr\/wp-content\/uploads\/2021\/07\/Capture-La-Montagne-2021.jpg 900w\" sizes=\"auto, (max-width: 697px) 100vw, 697px\" \/><figcaption>Journal La Montagne<\/figcaption><\/figure><\/div>\n\n\n\n\n\n<div class=\"wp-block-image\"><figure class=\"aligncenter size-large\"><img loading=\"lazy\" decoding=\"async\" width=\"600\" height=\"426\" src=\"http:\/\/www.cpcm03.fr\/wp-content\/uploads\/2021\/07\/L.S.-1-07-2021a-1-1.jpg\" alt=\"\" class=\"wp-image-3667\" srcset=\"https:\/\/www.cpcm03.fr\/wp-content\/uploads\/2021\/07\/L.S.-1-07-2021a-1-1.jpg 600w, https:\/\/www.cpcm03.fr\/wp-content\/uploads\/2021\/07\/L.S.-1-07-2021a-1-1-300x213.jpg 300w\" sizes=\"auto, (max-width: 600px) 100vw, 600px\" \/><figcaption>La Semaine de l&rsquo;Allier<\/figcaption><\/figure><\/div>\n\n\n\n<p class=\"has-text-align-center\">***<\/p>\n\n\n\n<h3 class=\"has-bright-blue-color has-text-color wp-block-heading\">Expo 2019 \u00e0 la Louvi\u00e8re<\/h3>\n\n\n\n<div class=\"wp-block-image\"><figure class=\"aligncenter size-full is-resized\"><img loading=\"lazy\" decoding=\"async\" src=\"http:\/\/www.cpcm03.fr\/wp-content\/uploads\/2020\/06\/CPCM03-du-23-05-2019-scaled.jpg\" alt=\"\" class=\"wp-image-1350\" width=\"398\" height=\"640\" srcset=\"https:\/\/www.cpcm03.fr\/wp-content\/uploads\/2020\/06\/CPCM03-du-23-05-2019-scaled.jpg 1593w, https:\/\/www.cpcm03.fr\/wp-content\/uploads\/2020\/06\/CPCM03-du-23-05-2019-187x300.jpg 187w, https:\/\/www.cpcm03.fr\/wp-content\/uploads\/2020\/06\/CPCM03-du-23-05-2019-498x800.jpg 498w, https:\/\/www.cpcm03.fr\/wp-content\/uploads\/2020\/06\/CPCM03-du-23-05-2019-768x1235.jpg 768w, https:\/\/www.cpcm03.fr\/wp-content\/uploads\/2020\/06\/CPCM03-du-23-05-2019-956x1536.jpg 956w, https:\/\/www.cpcm03.fr\/wp-content\/uploads\/2020\/06\/CPCM03-du-23-05-2019-1274x2048.jpg 1274w, https:\/\/www.cpcm03.fr\/wp-content\/uploads\/2020\/06\/CPCM03-du-23-05-2019-1200x1929.jpg 1200w\" sizes=\"auto, (max-width: 398px) 100vw, 398px\" \/><\/figure><\/div>\n\n\n\n<p style=\"font-size:22px\" class=\"has-text-color has-drop-cap has-bright-blue-color\">Les plus belles photos r\u00e9compens\u00e9es<\/p>\n\n\n\n<ul class=\"wp-block-list\"><li><a href=\"https:\/\/www.lamontagne.fr\/vallon-en-sully-03190\/\">VALLON-EN-SULLY<\/a><\/li><\/ul>\n\n\n\n<p class=\"has-text-color has-bright-blue-color\">Publi\u00e9 le 06\/02\/2019<\/p>\n\n\n\n<figure class=\"wp-block-image\"><img decoding=\"async\" src=\"https:\/\/image1.lamontagne.fr\/photoSRC\/VVNUJ1paUTgIBhVOCRAHHQ4zRSkXaldfVR5dW1sXVA49\/4200565.jpeg\" alt=\"Les plus belles photos r\u00e9compens\u00e9es\"\/><\/figure>\n\n\n\n<p>Plusieurs oeuvres ont \u00e9t\u00e9 r\u00e9compens\u00e9es. <\/p>\n\n\n\n<p class=\"has-normal-font-size\">Les dix huiti\u00e8mes rencontres photographiques Val de Cher ont referm\u00e9 leurs portes dimanche soir. Liliane Ciofolo, responsable du club photo de l&rsquo;Amicale la\u00efque a vivement remerci\u00e9 les neufs clubs qui ont pr\u00e9sent\u00e9 cent quarante photos, ainsi que les invit\u00e9s d&rsquo;honneur Patricia et Alain Cot\u00e9. Elle s&rsquo;est aussi r\u00e9jouie du nombre de visiteurs, trois cent cinquante sept, sur les deux week-ends.<\/p>\n\n\n\n<p><strong>Le palmar\u00e8s<\/strong><\/p>\n\n\n\n<p>Le public a vot\u00e9 en nombre pour \u00e9lire ses photos pr\u00e9f\u00e9r\u00e9es. Les r\u00e9sultats sont, pour les invit\u00e9s d&rsquo;honneur, La Chouette, qui a remport\u00e9 tous les suffrages avec quatre-vingts points. Pour les clubs, c&rsquo;est la photo Tourmente de Michel Grazui, du club Dunlop SNCF, qui l&#8217;emporte avec cinquanet-six points, suivi de la photo So what de Jeanne Lheureux, du club Objectif image Allier, de Moulins, avec cinquante-cinq points. On trouve ex-aequo \u00e0 la troisi\u00e8me place avec cinquante-trois points, Fran\u00e7oise Tilly, du club Num\u00e9rid Montvicq, et Adrian Panaitescu, du club CPC de Montlu\u00e7on, et, en cinqui\u00e8me position, Bertrand Trepeux du Photo club Bru\u00e8rois.<\/p>\n\n\n\n<h3 class=\"has-bright-blue-color has-text-color wp-block-heading\">La 50e exposition du cin\u00e9 photo club de Montlu\u00e7on<\/h3>\n\n\n\n<p class=\"has-text-color has-bright-blue-color\">Publi\u00e9 le 12\/03\/2015<\/p>\n\n\n\n<figure class=\"wp-block-image\"><img decoding=\"async\" src=\"https:\/\/image1.lamontagne.fr\/photoSRC\/VVNUJ1paUTgIBhVOCRAHHQ4zRSkXaldfVR5dW1sXVA49\/1987623.jpeg\" alt=\"La 50e exposition du cin\u00e9 photo club de Montlu\u00e7on\"\/><\/figure>\n\n\n\n<p>Tosca est connue pour cette photo qui repr\u00e9sente ce qu\u2019elle aime. <\/p>\n\n\n\n<p style=\"font-size:0\">Le cin\u00e9 photo club de Montlu\u00e7on pr\u00e9sente le 50 e salon photographique au centre Athanor, avec comme invit\u00e9 d\u2019honneur le photo club de Hagen, une ville jumel\u00e9e.<\/p>\n\n\n\n<p>A l&rsquo;\u00e2ge de dix ans, Tosca ach\u00e8te son premier appareil photo sur une brocante. Aujourd&rsquo;hui cette n\u00e9erlandaise de 57 ans, agricultrice \u00e0 Saint-D\u00e9sir\u00e9 depuis 1998 expose ses photographies au 50&nbsp;<sup>e<\/sup>&nbsp;salon photographique du cin\u00e9 photo club montlu\u00e7onnais.<\/p>\n\n\n\n<p>\u00ab Un jour, mon mari s&rsquo;est rendu \u00e0 une exposition du club de photo de Montlu\u00e7on et en rentrant, il m&rsquo;a dit que c&rsquo;\u00e9tait fait pour moi, qu&rsquo;il fallait que j&rsquo;en fasse partie \u00bb, raconte-t-elle. Une quinzaine d&rsquo;ann\u00e9es plus tard, Tosca r\u00e9pond toujours pr\u00e9sente.<\/p>\n\n\n\n<p>\u00ab Ce club est important pour moi parce que c&rsquo;est aussi mon seul lien avec des Fran\u00e7ais ! A la ferme je ne vois personne, et encore moins de Fran\u00e7ais. \u00bb<\/p>\n\n\n\n<p>Cr\u00e9\u00e9 en 1961, le cin\u00e9 photo club de Montlu\u00e7on accueille treize photographes amateurs qui se retrouvent deux fois par mois pour \u00e9changer et se lancer sur des th\u00e8mes choisis.<strong>Plus de 180 photos<\/strong><\/p>\n\n\n\n<p>La 50&nbsp;<sup>e<\/sup>&nbsp;exposition concorde cette ann\u00e9e avec le 50&nbsp;<sup>e<\/sup>&nbsp;anniversaire du jumelage entre Montlu\u00e7on et Hagen. Le club photographique de la ville allemande est ainsi l&rsquo;invit\u00e9 d&rsquo;honneur de l&rsquo;exposition qui en propose quelques photographies.<\/p>\n\n\n\n<p>Parmi les quelque 180 photos de l&rsquo;exposition, sont affich\u00e9es une dizaine de clich\u00e9s de Tosca, des portraits et des images de la nature, les deux th\u00e8mes qu&rsquo;elle affectionne le plus.<\/p>\n\n\n\n<p>\u00ab Une ann\u00e9e, explique-t-elle, j&rsquo;ai photographi\u00e9 tous les jour mon ch\u00eane, pour faire une s\u00e9rie de l&rsquo;arbre \u00e0 diff\u00e9rents moments de l&rsquo;ann\u00e9e. \u00bb Les animaux de sa ferme lui servent aussi de mod\u00e8les, ses vaches, ses moutons ou encore ses cochons.<\/p>\n\n\n\n<p><strong>Sol\u00e8ne Cressant<\/strong><\/p>\n\n\n\n<h1 class=\"wp-block-heading\"><\/h1>\n\n\n\n<p><\/p>\n","protected":false},"excerpt":{"rendered":"<p>****** EXPO PHOTO \u00e0 la M\u00e9diath\u00e8que de Fontbouillant du 6 novembre au 18 d\u00e9cembre 2021 ****** EXPO PHOTO La Louvi\u00e8re 2021 *** Expo 2019 \u00e0 la Louvi\u00e8re Les plus belles photos r\u00e9compens\u00e9es VALLON-EN-SULLY Publi\u00e9 le 06\/02\/2019 Plusieurs oeuvres ont \u00e9t\u00e9 r\u00e9compens\u00e9es. Les dix huiti\u00e8mes rencontres photographiques Val de Cher ont referm\u00e9 leurs portes dimanche soir. [&hellip;]<\/p>\n","protected":false},"author":1,"featured_media":0,"parent":0,"menu_order":0,"comment_status":"closed","ping_status":"closed","template":"","meta":{"_bbp_topic_count":0,"_bbp_reply_count":0,"_bbp_total_topic_count":0,"_bbp_total_reply_count":0,"_bbp_voice_count":0,"_bbp_anonymous_reply_count":0,"_bbp_topic_count_hidden":0,"_bbp_reply_count_hidden":0,"_bbp_forum_subforum_count":0,"om_disable_all_campaigns":false,"_monsterinsights_skip_tracking":false,"_monsterinsights_sitenote_active":false,"_monsterinsights_sitenote_note":"","_monsterinsights_sitenote_category":0,"_uf_show_specific_survey":0,"_uf_disable_surveys":false,"footnotes":""},"class_list":["post-1317","page","type-page","status-publish","hentry"],"aioseo_notices":[],"_links":{"self":[{"href":"https:\/\/www.cpcm03.fr\/index.php?rest_route=\/wp\/v2\/pages\/1317","targetHints":{"allow":["GET"]}}],"collection":[{"href":"https:\/\/www.cpcm03.fr\/index.php?rest_route=\/wp\/v2\/pages"}],"about":[{"href":"https:\/\/www.cpcm03.fr\/index.php?rest_route=\/wp\/v2\/types\/page"}],"author":[{"embeddable":true,"href":"https:\/\/www.cpcm03.fr\/index.php?rest_route=\/wp\/v2\/users\/1"}],"replies":[{"embeddable":true,"href":"https:\/\/www.cpcm03.fr\/index.php?rest_route=%2Fwp%2Fv2%2Fcomments&post=1317"}],"version-history":[{"count":14,"href":"https:\/\/www.cpcm03.fr\/index.php?rest_route=\/wp\/v2\/pages\/1317\/revisions"}],"predecessor-version":[{"id":4024,"href":"https:\/\/www.cpcm03.fr\/index.php?rest_route=\/wp\/v2\/pages\/1317\/revisions\/4024"}],"wp:attachment":[{"href":"https:\/\/www.cpcm03.fr\/index.php?rest_route=%2Fwp%2Fv2%2Fmedia&parent=1317"}],"curies":[{"name":"wp","href":"https:\/\/api.w.org\/{rel}","templated":true}]}}