{"id":1741,"date":"2020-06-20T22:54:23","date_gmt":"2020-06-20T20:54:23","guid":{"rendered":"http:\/\/www.cpcm03.fr\/?page_id=1741"},"modified":"2020-06-22T00:20:36","modified_gmt":"2020-06-21T22:20:36","slug":"pont-du-chatelet","status":"publish","type":"page","link":"https:\/\/www.cpcm03.fr\/?page_id=1741","title":{"rendered":"Pont du Chatelet"},"content":{"rendered":"\n<p>Voici quelques clich\u00e9s avec un regard depuis le Pont du Chatelet \u00e0 Montlu\u00e7on.<\/p>\n\n\n\n<p>L&rsquo;objectif \u00e9tait de rester uniquement sur un des trottoirs du Pont du Chatelet et porter son regard sur l&rsquo;environnement.<\/p>\n\n\n\n<figure class=\"wp-block-image size-large\"><img loading=\"lazy\" decoding=\"async\" width=\"800\" height=\"330\" src=\"http:\/\/www.cpcm03.fr\/wp-content\/uploads\/2020\/06\/Antoine-00192_o-1-800x330.jpg\" alt=\"\" class=\"wp-image-1757\" srcset=\"https:\/\/www.cpcm03.fr\/wp-content\/uploads\/2020\/06\/Antoine-00192_o-1-800x330.jpg 800w, https:\/\/www.cpcm03.fr\/wp-content\/uploads\/2020\/06\/Antoine-00192_o-1-300x124.jpg 300w, https:\/\/www.cpcm03.fr\/wp-content\/uploads\/2020\/06\/Antoine-00192_o-1-768x317.jpg 768w, https:\/\/www.cpcm03.fr\/wp-content\/uploads\/2020\/06\/Antoine-00192_o-1.jpg 900w\" sizes=\"auto, (max-width: 800px) 100vw, 800px\" \/><\/figure>\n\n\n\n<p><\/p>\n\n\n\n<div class=\"wp-block-image\"><figure class=\"aligncenter size-large\"><img loading=\"lazy\" decoding=\"async\" width=\"612\" height=\"800\" src=\"http:\/\/www.cpcm03.fr\/wp-content\/uploads\/2020\/06\/Antoine-1760_o-1-612x800.jpg\" alt=\"\" class=\"wp-image-1758\" srcset=\"https:\/\/www.cpcm03.fr\/wp-content\/uploads\/2020\/06\/Antoine-1760_o-1-612x800.jpg 612w, https:\/\/www.cpcm03.fr\/wp-content\/uploads\/2020\/06\/Antoine-1760_o-1-230x300.jpg 230w, https:\/\/www.cpcm03.fr\/wp-content\/uploads\/2020\/06\/Antoine-1760_o-1.jpg 689w\" sizes=\"auto, (max-width: 612px) 100vw, 612px\" \/><\/figure><\/div>\n\n\n\n<figure class=\"wp-block-image size-large\"><img loading=\"lazy\" decoding=\"async\" width=\"800\" height=\"388\" src=\"http:\/\/www.cpcm03.fr\/wp-content\/uploads\/2020\/06\/Antoine-17760_o-800x388.jpg\" alt=\"\" class=\"wp-image-1759\" srcset=\"https:\/\/www.cpcm03.fr\/wp-content\/uploads\/2020\/06\/Antoine-17760_o-800x388.jpg 800w, https:\/\/www.cpcm03.fr\/wp-content\/uploads\/2020\/06\/Antoine-17760_o-300x145.jpg 300w, https:\/\/www.cpcm03.fr\/wp-content\/uploads\/2020\/06\/Antoine-17760_o-768x372.jpg 768w, https:\/\/www.cpcm03.fr\/wp-content\/uploads\/2020\/06\/Antoine-17760_o.jpg 900w\" sizes=\"auto, (max-width: 800px) 100vw, 800px\" \/><\/figure>\n\n\n\n<p><\/p>\n\n\n\n<div class=\"wp-block-image\"><figure class=\"aligncenter size-large\"><img loading=\"lazy\" decoding=\"async\" width=\"499\" height=\"800\" src=\"http:\/\/www.cpcm03.fr\/wp-content\/uploads\/2020\/06\/Antoine-72992_o-499x800.jpg\" alt=\"\" class=\"wp-image-1760\" srcset=\"https:\/\/www.cpcm03.fr\/wp-content\/uploads\/2020\/06\/Antoine-72992_o-499x800.jpg 499w, https:\/\/www.cpcm03.fr\/wp-content\/uploads\/2020\/06\/Antoine-72992_o-187x300.jpg 187w, https:\/\/www.cpcm03.fr\/wp-content\/uploads\/2020\/06\/Antoine-72992_o.jpg 561w\" sizes=\"auto, (max-width: 499px) 100vw, 499px\" \/><\/figure><\/div>\n\n\n\n<figure class=\"wp-block-image size-large\"><img loading=\"lazy\" decoding=\"async\" width=\"800\" height=\"726\" src=\"http:\/\/www.cpcm03.fr\/wp-content\/uploads\/2020\/06\/Antoine-78784_o-1-800x726.jpg\" alt=\"\" class=\"wp-image-1761\" srcset=\"https:\/\/www.cpcm03.fr\/wp-content\/uploads\/2020\/06\/Antoine-78784_o-1-800x726.jpg 800w, https:\/\/www.cpcm03.fr\/wp-content\/uploads\/2020\/06\/Antoine-78784_o-1-300x272.jpg 300w, https:\/\/www.cpcm03.fr\/wp-content\/uploads\/2020\/06\/Antoine-78784_o-1-768x697.jpg 768w, https:\/\/www.cpcm03.fr\/wp-content\/uploads\/2020\/06\/Antoine-78784_o-1.jpg 900w\" sizes=\"auto, (max-width: 800px) 100vw, 800px\" \/><\/figure>\n\n\n\n<figure class=\"wp-block-image size-large\"><img loading=\"lazy\" decoding=\"async\" width=\"800\" height=\"533\" src=\"http:\/\/www.cpcm03.fr\/wp-content\/uploads\/2020\/06\/B\u00e9n\u00e9dicte-2368_o-1-1-800x533.jpg\" alt=\"\" class=\"wp-image-1762\" srcset=\"https:\/\/www.cpcm03.fr\/wp-content\/uploads\/2020\/06\/B\u00e9n\u00e9dicte-2368_o-1-1-800x533.jpg 800w, https:\/\/www.cpcm03.fr\/wp-content\/uploads\/2020\/06\/B\u00e9n\u00e9dicte-2368_o-1-1-300x200.jpg 300w, https:\/\/www.cpcm03.fr\/wp-content\/uploads\/2020\/06\/B\u00e9n\u00e9dicte-2368_o-1-1-768x512.jpg 768w, https:\/\/www.cpcm03.fr\/wp-content\/uploads\/2020\/06\/B\u00e9n\u00e9dicte-2368_o-1-1.jpg 900w\" sizes=\"auto, (max-width: 800px) 100vw, 800px\" \/><\/figure>\n\n\n\n<p><\/p>\n\n\n\n<figure class=\"wp-block-image size-large\"><img loading=\"lazy\" decoding=\"async\" width=\"800\" height=\"600\" src=\"http:\/\/www.cpcm03.fr\/wp-content\/uploads\/2020\/06\/B\u00e9n\u00e9dicte-21120_o-800x600.jpg\" alt=\"\" class=\"wp-image-1763\" srcset=\"https:\/\/www.cpcm03.fr\/wp-content\/uploads\/2020\/06\/B\u00e9n\u00e9dicte-21120_o-800x600.jpg 800w, https:\/\/www.cpcm03.fr\/wp-content\/uploads\/2020\/06\/B\u00e9n\u00e9dicte-21120_o-300x225.jpg 300w, https:\/\/www.cpcm03.fr\/wp-content\/uploads\/2020\/06\/B\u00e9n\u00e9dicte-21120_o-768x576.jpg 768w, https:\/\/www.cpcm03.fr\/wp-content\/uploads\/2020\/06\/B\u00e9n\u00e9dicte-21120_o.jpg 900w\" sizes=\"auto, (max-width: 800px) 100vw, 800px\" \/><\/figure>\n\n\n\n<p><\/p>\n\n\n\n<figure class=\"wp-block-image size-large\"><img loading=\"lazy\" decoding=\"async\" width=\"800\" height=\"533\" src=\"http:\/\/www.cpcm03.fr\/wp-content\/uploads\/2020\/06\/B\u00e9n\u00e9dicte-68416_o-800x533.jpg\" alt=\"\" class=\"wp-image-1764\" srcset=\"https:\/\/www.cpcm03.fr\/wp-content\/uploads\/2020\/06\/B\u00e9n\u00e9dicte-68416_o-800x533.jpg 800w, https:\/\/www.cpcm03.fr\/wp-content\/uploads\/2020\/06\/B\u00e9n\u00e9dicte-68416_o-300x200.jpg 300w, https:\/\/www.cpcm03.fr\/wp-content\/uploads\/2020\/06\/B\u00e9n\u00e9dicte-68416_o-768x512.jpg 768w, https:\/\/www.cpcm03.fr\/wp-content\/uploads\/2020\/06\/B\u00e9n\u00e9dicte-68416_o.jpg 900w\" sizes=\"auto, (max-width: 800px) 100vw, 800px\" \/><\/figure>\n\n\n\n<figure class=\"wp-block-image size-large\"><img loading=\"lazy\" decoding=\"async\" width=\"800\" height=\"533\" src=\"http:\/\/www.cpcm03.fr\/wp-content\/uploads\/2020\/06\/B\u00e9n\u00e9dicte-79904_o-800x533.jpg\" alt=\"\" class=\"wp-image-1765\" srcset=\"https:\/\/www.cpcm03.fr\/wp-content\/uploads\/2020\/06\/B\u00e9n\u00e9dicte-79904_o-800x533.jpg 800w, https:\/\/www.cpcm03.fr\/wp-content\/uploads\/2020\/06\/B\u00e9n\u00e9dicte-79904_o-300x200.jpg 300w, https:\/\/www.cpcm03.fr\/wp-content\/uploads\/2020\/06\/B\u00e9n\u00e9dicte-79904_o-768x512.jpg 768w, https:\/\/www.cpcm03.fr\/wp-content\/uploads\/2020\/06\/B\u00e9n\u00e9dicte-79904_o.jpg 900w\" sizes=\"auto, (max-width: 800px) 100vw, 800px\" \/><\/figure>\n\n\n\n<figure class=\"wp-block-image size-large\"><img loading=\"lazy\" decoding=\"async\" width=\"800\" height=\"533\" src=\"http:\/\/www.cpcm03.fr\/wp-content\/uploads\/2020\/06\/B\u00e9n\u00e9dicte-90368_o-1-800x533.jpg\" alt=\"\" class=\"wp-image-1766\" srcset=\"https:\/\/www.cpcm03.fr\/wp-content\/uploads\/2020\/06\/B\u00e9n\u00e9dicte-90368_o-1-800x533.jpg 800w, https:\/\/www.cpcm03.fr\/wp-content\/uploads\/2020\/06\/B\u00e9n\u00e9dicte-90368_o-1-300x200.jpg 300w, https:\/\/www.cpcm03.fr\/wp-content\/uploads\/2020\/06\/B\u00e9n\u00e9dicte-90368_o-1-768x512.jpg 768w, https:\/\/www.cpcm03.fr\/wp-content\/uploads\/2020\/06\/B\u00e9n\u00e9dicte-90368_o-1.jpg 900w\" sizes=\"auto, (max-width: 800px) 100vw, 800px\" \/><\/figure>\n\n\n\n<figure class=\"wp-block-image size-large\"><img loading=\"lazy\" decoding=\"async\" width=\"800\" height=\"579\" src=\"http:\/\/www.cpcm03.fr\/wp-content\/uploads\/2020\/06\/Christine-55008_o-800x579.jpg\" alt=\"\" class=\"wp-image-1775\" srcset=\"https:\/\/www.cpcm03.fr\/wp-content\/uploads\/2020\/06\/Christine-55008_o-800x579.jpg 800w, https:\/\/www.cpcm03.fr\/wp-content\/uploads\/2020\/06\/Christine-55008_o-300x217.jpg 300w, https:\/\/www.cpcm03.fr\/wp-content\/uploads\/2020\/06\/Christine-55008_o-768x556.jpg 768w, https:\/\/www.cpcm03.fr\/wp-content\/uploads\/2020\/06\/Christine-55008_o.jpg 900w\" sizes=\"auto, (max-width: 800px) 100vw, 800px\" \/><\/figure>\n\n\n\n<div class=\"wp-block-image\"><figure class=\"aligncenter size-large\"><img loading=\"lazy\" decoding=\"async\" width=\"563\" height=\"800\" src=\"http:\/\/www.cpcm03.fr\/wp-content\/uploads\/2020\/06\/Christine-6848_o-1-563x800.jpg\" alt=\"\" class=\"wp-image-1768\" srcset=\"https:\/\/www.cpcm03.fr\/wp-content\/uploads\/2020\/06\/Christine-6848_o-1-563x800.jpg 563w, https:\/\/www.cpcm03.fr\/wp-content\/uploads\/2020\/06\/Christine-6848_o-1-211x300.jpg 211w, https:\/\/www.cpcm03.fr\/wp-content\/uploads\/2020\/06\/Christine-6848_o-1.jpg 633w\" sizes=\"auto, (max-width: 563px) 100vw, 563px\" \/><\/figure><\/div>\n\n\n\n<figure class=\"wp-block-image size-large\"><img loading=\"lazy\" decoding=\"async\" width=\"800\" height=\"565\" src=\"http:\/\/www.cpcm03.fr\/wp-content\/uploads\/2020\/06\/Christine-63392_o-800x565.jpg\" alt=\"\" class=\"wp-image-1769\" srcset=\"https:\/\/www.cpcm03.fr\/wp-content\/uploads\/2020\/06\/Christine-63392_o-800x565.jpg 800w, https:\/\/www.cpcm03.fr\/wp-content\/uploads\/2020\/06\/Christine-63392_o-300x212.jpg 300w, https:\/\/www.cpcm03.fr\/wp-content\/uploads\/2020\/06\/Christine-63392_o-768x543.jpg 768w, https:\/\/www.cpcm03.fr\/wp-content\/uploads\/2020\/06\/Christine-63392_o.jpg 900w\" sizes=\"auto, (max-width: 800px) 100vw, 800px\" \/><\/figure>\n\n\n\n<div class=\"wp-block-image\"><figure class=\"aligncenter size-large\"><img loading=\"lazy\" decoding=\"async\" width=\"530\" height=\"800\" src=\"http:\/\/www.cpcm03.fr\/wp-content\/uploads\/2020\/06\/Christine25952_o-530x800.jpg\" alt=\"\" class=\"wp-image-1770\" srcset=\"https:\/\/www.cpcm03.fr\/wp-content\/uploads\/2020\/06\/Christine25952_o-530x800.jpg 530w, https:\/\/www.cpcm03.fr\/wp-content\/uploads\/2020\/06\/Christine25952_o-199x300.jpg 199w, https:\/\/www.cpcm03.fr\/wp-content\/uploads\/2020\/06\/Christine25952_o.jpg 596w\" sizes=\"auto, (max-width: 530px) 100vw, 530px\" \/><\/figure><\/div>\n\n\n\n<p><\/p>\n\n\n\n<figure class=\"wp-block-image size-large\"><img loading=\"lazy\" decoding=\"async\" width=\"800\" height=\"533\" src=\"http:\/\/www.cpcm03.fr\/wp-content\/uploads\/2020\/06\/Claudine-06272_o-2-800x533.jpg\" alt=\"\" class=\"wp-image-1779\" srcset=\"https:\/\/www.cpcm03.fr\/wp-content\/uploads\/2020\/06\/Claudine-06272_o-2-800x533.jpg 800w, https:\/\/www.cpcm03.fr\/wp-content\/uploads\/2020\/06\/Claudine-06272_o-2-300x200.jpg 300w, https:\/\/www.cpcm03.fr\/wp-content\/uploads\/2020\/06\/Claudine-06272_o-2-768x512.jpg 768w, https:\/\/www.cpcm03.fr\/wp-content\/uploads\/2020\/06\/Claudine-06272_o-2.jpg 900w\" sizes=\"auto, (max-width: 800px) 100vw, 800px\" \/><\/figure>\n\n\n\n<figure class=\"wp-block-image size-large\"><img loading=\"lazy\" decoding=\"async\" width=\"800\" height=\"533\" src=\"http:\/\/www.cpcm03.fr\/wp-content\/uploads\/2020\/06\/Claudine-91424_o-800x533.jpg\" alt=\"\" class=\"wp-image-1780\" srcset=\"https:\/\/www.cpcm03.fr\/wp-content\/uploads\/2020\/06\/Claudine-91424_o-800x533.jpg 800w, https:\/\/www.cpcm03.fr\/wp-content\/uploads\/2020\/06\/Claudine-91424_o-300x200.jpg 300w, https:\/\/www.cpcm03.fr\/wp-content\/uploads\/2020\/06\/Claudine-91424_o-768x512.jpg 768w, https:\/\/www.cpcm03.fr\/wp-content\/uploads\/2020\/06\/Claudine-91424_o.jpg 900w\" sizes=\"auto, (max-width: 800px) 100vw, 800px\" \/><\/figure>\n\n\n\n<figure class=\"wp-block-image size-large\"><img loading=\"lazy\" decoding=\"async\" width=\"800\" height=\"533\" src=\"http:\/\/www.cpcm03.fr\/wp-content\/uploads\/2020\/06\/Claudine-24800_o-1-800x533.jpg\" alt=\"\" class=\"wp-image-1782\" srcset=\"https:\/\/www.cpcm03.fr\/wp-content\/uploads\/2020\/06\/Claudine-24800_o-1-800x533.jpg 800w, https:\/\/www.cpcm03.fr\/wp-content\/uploads\/2020\/06\/Claudine-24800_o-1-300x200.jpg 300w, https:\/\/www.cpcm03.fr\/wp-content\/uploads\/2020\/06\/Claudine-24800_o-1-768x512.jpg 768w, https:\/\/www.cpcm03.fr\/wp-content\/uploads\/2020\/06\/Claudine-24800_o-1-1536x1023.jpg 1536w, https:\/\/www.cpcm03.fr\/wp-content\/uploads\/2020\/06\/Claudine-24800_o-1-1200x800.jpg 1200w, https:\/\/www.cpcm03.fr\/wp-content\/uploads\/2020\/06\/Claudine-24800_o-1.jpg 1732w\" sizes=\"auto, (max-width: 800px) 100vw, 800px\" \/><\/figure>\n\n\n\n<p><\/p>\n\n\n\n<p><\/p>\n\n\n\n<figure class=\"wp-block-image size-large\"><img loading=\"lazy\" decoding=\"async\" width=\"800\" height=\"533\" src=\"http:\/\/www.cpcm03.fr\/wp-content\/uploads\/2020\/06\/Claudine-77568_o-1-1-800x533.jpg\" alt=\"\" class=\"wp-image-1788\" srcset=\"https:\/\/www.cpcm03.fr\/wp-content\/uploads\/2020\/06\/Claudine-77568_o-1-1-800x533.jpg 800w, https:\/\/www.cpcm03.fr\/wp-content\/uploads\/2020\/06\/Claudine-77568_o-1-1-300x200.jpg 300w, https:\/\/www.cpcm03.fr\/wp-content\/uploads\/2020\/06\/Claudine-77568_o-1-1-768x512.jpg 768w, https:\/\/www.cpcm03.fr\/wp-content\/uploads\/2020\/06\/Claudine-77568_o-1-1-1536x1024.jpg 1536w, https:\/\/www.cpcm03.fr\/wp-content\/uploads\/2020\/06\/Claudine-77568_o-1-1-1200x800.jpg 1200w, https:\/\/www.cpcm03.fr\/wp-content\/uploads\/2020\/06\/Claudine-77568_o-1-1.jpg 1731w\" sizes=\"auto, (max-width: 800px) 100vw, 800px\" \/><\/figure>\n\n\n\n<figure class=\"wp-block-image size-large\"><img loading=\"lazy\" decoding=\"async\" width=\"800\" height=\"533\" src=\"http:\/\/www.cpcm03.fr\/wp-content\/uploads\/2020\/06\/Claudine-212928a_o-1-800x533.jpg\" alt=\"\" class=\"wp-image-1789\" srcset=\"https:\/\/www.cpcm03.fr\/wp-content\/uploads\/2020\/06\/Claudine-212928a_o-1-800x533.jpg 800w, https:\/\/www.cpcm03.fr\/wp-content\/uploads\/2020\/06\/Claudine-212928a_o-1-300x200.jpg 300w, https:\/\/www.cpcm03.fr\/wp-content\/uploads\/2020\/06\/Claudine-212928a_o-1-768x512.jpg 768w, https:\/\/www.cpcm03.fr\/wp-content\/uploads\/2020\/06\/Claudine-212928a_o-1.jpg 900w\" sizes=\"auto, (max-width: 800px) 100vw, 800px\" \/><\/figure>\n\n\n\n<figure class=\"wp-block-image size-large\"><img loading=\"lazy\" decoding=\"async\" width=\"800\" height=\"533\" src=\"http:\/\/www.cpcm03.fr\/wp-content\/uploads\/2020\/06\/Eric-16096_o-800x533.jpg\" alt=\"\" class=\"wp-image-1791\" srcset=\"https:\/\/www.cpcm03.fr\/wp-content\/uploads\/2020\/06\/Eric-16096_o-800x533.jpg 800w, https:\/\/www.cpcm03.fr\/wp-content\/uploads\/2020\/06\/Eric-16096_o-300x200.jpg 300w, https:\/\/www.cpcm03.fr\/wp-content\/uploads\/2020\/06\/Eric-16096_o-768x512.jpg 768w, https:\/\/www.cpcm03.fr\/wp-content\/uploads\/2020\/06\/Eric-16096_o.jpg 900w\" sizes=\"auto, (max-width: 800px) 100vw, 800px\" \/><\/figure>\n\n\n\n<figure class=\"wp-block-image size-large\"><img loading=\"lazy\" decoding=\"async\" width=\"800\" height=\"533\" src=\"http:\/\/www.cpcm03.fr\/wp-content\/uploads\/2020\/06\/Eric-44192_o-800x533.jpg\" alt=\"\" class=\"wp-image-1792\" srcset=\"https:\/\/www.cpcm03.fr\/wp-content\/uploads\/2020\/06\/Eric-44192_o-800x533.jpg 800w, https:\/\/www.cpcm03.fr\/wp-content\/uploads\/2020\/06\/Eric-44192_o-300x200.jpg 300w, https:\/\/www.cpcm03.fr\/wp-content\/uploads\/2020\/06\/Eric-44192_o-768x512.jpg 768w, https:\/\/www.cpcm03.fr\/wp-content\/uploads\/2020\/06\/Eric-44192_o.jpg 900w\" sizes=\"auto, (max-width: 800px) 100vw, 800px\" \/><\/figure>\n\n\n\n<p><\/p>\n\n\n\n<figure class=\"wp-block-image size-large\"><img loading=\"lazy\" decoding=\"async\" width=\"800\" height=\"533\" src=\"http:\/\/www.cpcm03.fr\/wp-content\/uploads\/2020\/06\/Eric-45632_o-800x533.jpg\" alt=\"\" class=\"wp-image-1793\" srcset=\"https:\/\/www.cpcm03.fr\/wp-content\/uploads\/2020\/06\/Eric-45632_o-800x533.jpg 800w, https:\/\/www.cpcm03.fr\/wp-content\/uploads\/2020\/06\/Eric-45632_o-300x200.jpg 300w, https:\/\/www.cpcm03.fr\/wp-content\/uploads\/2020\/06\/Eric-45632_o-768x512.jpg 768w, https:\/\/www.cpcm03.fr\/wp-content\/uploads\/2020\/06\/Eric-45632_o.jpg 900w\" sizes=\"auto, (max-width: 800px) 100vw, 800px\" \/><\/figure>\n\n\n\n<div class=\"wp-block-image\"><figure class=\"aligncenter size-large\"><img loading=\"lazy\" decoding=\"async\" width=\"533\" height=\"800\" src=\"http:\/\/www.cpcm03.fr\/wp-content\/uploads\/2020\/06\/Eric-705984-a_o-533x800.jpg\" alt=\"\" class=\"wp-image-1813\" srcset=\"https:\/\/www.cpcm03.fr\/wp-content\/uploads\/2020\/06\/Eric-705984-a_o-533x800.jpg 533w, https:\/\/www.cpcm03.fr\/wp-content\/uploads\/2020\/06\/Eric-705984-a_o-200x300.jpg 200w, https:\/\/www.cpcm03.fr\/wp-content\/uploads\/2020\/06\/Eric-705984-a_o.jpg 600w\" sizes=\"auto, (max-width: 533px) 100vw, 533px\" \/><\/figure><\/div>\n\n\n\n<div class=\"wp-block-image\"><figure class=\"aligncenter size-large\"><img loading=\"lazy\" decoding=\"async\" width=\"533\" height=\"800\" src=\"http:\/\/www.cpcm03.fr\/wp-content\/uploads\/2020\/06\/Eric-7707061248-a_o-533x800.jpg\" alt=\"\" class=\"wp-image-1814\" srcset=\"https:\/\/www.cpcm03.fr\/wp-content\/uploads\/2020\/06\/Eric-7707061248-a_o-533x800.jpg 533w, https:\/\/www.cpcm03.fr\/wp-content\/uploads\/2020\/06\/Eric-7707061248-a_o-200x300.jpg 200w, https:\/\/www.cpcm03.fr\/wp-content\/uploads\/2020\/06\/Eric-7707061248-a_o.jpg 600w\" sizes=\"auto, (max-width: 533px) 100vw, 533px\" \/><\/figure><\/div>\n\n\n\n<div class=\"wp-block-image\"><figure class=\"aligncenter size-large\"><img loading=\"lazy\" decoding=\"async\" width=\"532\" height=\"800\" src=\"http:\/\/www.cpcm03.fr\/wp-content\/uploads\/2020\/06\/Jocelyne-05184_o-532x800.jpg\" alt=\"\" class=\"wp-image-1794\" srcset=\"https:\/\/www.cpcm03.fr\/wp-content\/uploads\/2020\/06\/Jocelyne-05184_o-532x800.jpg 532w, https:\/\/www.cpcm03.fr\/wp-content\/uploads\/2020\/06\/Jocelyne-05184_o-200x300.jpg 200w, https:\/\/www.cpcm03.fr\/wp-content\/uploads\/2020\/06\/Jocelyne-05184_o.jpg 599w\" sizes=\"auto, (max-width: 532px) 100vw, 532px\" \/><\/figure><\/div>\n\n\n\n<div class=\"wp-block-image\"><figure class=\"aligncenter size-large\"><img loading=\"lazy\" decoding=\"async\" width=\"532\" height=\"800\" src=\"http:\/\/www.cpcm03.fr\/wp-content\/uploads\/2020\/06\/Jocelyne-07744_o-532x800.jpg\" alt=\"\" class=\"wp-image-1795\" srcset=\"https:\/\/www.cpcm03.fr\/wp-content\/uploads\/2020\/06\/Jocelyne-07744_o-532x800.jpg 532w, https:\/\/www.cpcm03.fr\/wp-content\/uploads\/2020\/06\/Jocelyne-07744_o-200x300.jpg 200w, https:\/\/www.cpcm03.fr\/wp-content\/uploads\/2020\/06\/Jocelyne-07744_o.jpg 599w\" sizes=\"auto, (max-width: 532px) 100vw, 532px\" \/><\/figure><\/div>\n\n\n\n<figure class=\"wp-block-image size-large\"><img loading=\"lazy\" decoding=\"async\" width=\"800\" height=\"533\" src=\"http:\/\/www.cpcm03.fr\/wp-content\/uploads\/2020\/06\/Jocelyne-9632_o-800x533.jpg\" alt=\"\" class=\"wp-image-1796\" srcset=\"https:\/\/www.cpcm03.fr\/wp-content\/uploads\/2020\/06\/Jocelyne-9632_o-800x533.jpg 800w, https:\/\/www.cpcm03.fr\/wp-content\/uploads\/2020\/06\/Jocelyne-9632_o-300x200.jpg 300w, https:\/\/www.cpcm03.fr\/wp-content\/uploads\/2020\/06\/Jocelyne-9632_o-768x512.jpg 768w, https:\/\/www.cpcm03.fr\/wp-content\/uploads\/2020\/06\/Jocelyne-9632_o.jpg 900w\" sizes=\"auto, (max-width: 800px) 100vw, 800px\" \/><\/figure>\n\n\n\n<figure class=\"wp-block-image size-large\"><img loading=\"lazy\" decoding=\"async\" width=\"800\" height=\"533\" src=\"http:\/\/www.cpcm03.fr\/wp-content\/uploads\/2020\/06\/Jocelyne-22752_o-800x533.jpg\" alt=\"\" class=\"wp-image-1797\" srcset=\"https:\/\/www.cpcm03.fr\/wp-content\/uploads\/2020\/06\/Jocelyne-22752_o-800x533.jpg 800w, https:\/\/www.cpcm03.fr\/wp-content\/uploads\/2020\/06\/Jocelyne-22752_o-300x200.jpg 300w, https:\/\/www.cpcm03.fr\/wp-content\/uploads\/2020\/06\/Jocelyne-22752_o-768x512.jpg 768w, https:\/\/www.cpcm03.fr\/wp-content\/uploads\/2020\/06\/Jocelyne-22752_o.jpg 900w\" sizes=\"auto, (max-width: 800px) 100vw, 800px\" \/><\/figure>\n\n\n\n<div class=\"wp-block-image\"><figure class=\"aligncenter size-large\"><img loading=\"lazy\" decoding=\"async\" width=\"533\" height=\"800\" src=\"http:\/\/www.cpcm03.fr\/wp-content\/uploads\/2020\/06\/Jocelyne-59520_o-533x800.jpg\" alt=\"\" class=\"wp-image-1798\" srcset=\"https:\/\/www.cpcm03.fr\/wp-content\/uploads\/2020\/06\/Jocelyne-59520_o-533x800.jpg 533w, https:\/\/www.cpcm03.fr\/wp-content\/uploads\/2020\/06\/Jocelyne-59520_o-200x300.jpg 200w, https:\/\/www.cpcm03.fr\/wp-content\/uploads\/2020\/06\/Jocelyne-59520_o.jpg 600w\" sizes=\"auto, (max-width: 533px) 100vw, 533px\" \/><\/figure><\/div>\n\n\n\n<p><\/p>\n\n\n\n<figure class=\"wp-block-image size-large\"><img loading=\"lazy\" decoding=\"async\" width=\"800\" height=\"533\" src=\"http:\/\/www.cpcm03.fr\/wp-content\/uploads\/2020\/06\/Patricia-30432_o-800x533.jpg\" alt=\"\" class=\"wp-image-1799\" srcset=\"https:\/\/www.cpcm03.fr\/wp-content\/uploads\/2020\/06\/Patricia-30432_o-800x533.jpg 800w, https:\/\/www.cpcm03.fr\/wp-content\/uploads\/2020\/06\/Patricia-30432_o-300x200.jpg 300w, https:\/\/www.cpcm03.fr\/wp-content\/uploads\/2020\/06\/Patricia-30432_o-768x512.jpg 768w, https:\/\/www.cpcm03.fr\/wp-content\/uploads\/2020\/06\/Patricia-30432_o.jpg 900w\" sizes=\"auto, (max-width: 800px) 100vw, 800px\" \/><\/figure>\n\n\n\n<figure class=\"wp-block-image size-large\"><img loading=\"lazy\" decoding=\"async\" width=\"800\" height=\"533\" src=\"http:\/\/www.cpcm03.fr\/wp-content\/uploads\/2020\/06\/Patricia-47520_o-800x533.jpg\" alt=\"\" class=\"wp-image-1800\" srcset=\"https:\/\/www.cpcm03.fr\/wp-content\/uploads\/2020\/06\/Patricia-47520_o-800x533.jpg 800w, https:\/\/www.cpcm03.fr\/wp-content\/uploads\/2020\/06\/Patricia-47520_o-300x200.jpg 300w, https:\/\/www.cpcm03.fr\/wp-content\/uploads\/2020\/06\/Patricia-47520_o-768x512.jpg 768w, https:\/\/www.cpcm03.fr\/wp-content\/uploads\/2020\/06\/Patricia-47520_o.jpg 900w\" sizes=\"auto, (max-width: 800px) 100vw, 800px\" \/><\/figure>\n\n\n\n<figure class=\"wp-block-image size-large\"><img loading=\"lazy\" decoding=\"async\" width=\"800\" height=\"533\" src=\"http:\/\/www.cpcm03.fr\/wp-content\/uploads\/2020\/06\/Patricia-70912_o-800x533.jpg\" alt=\"\" class=\"wp-image-1801\" srcset=\"https:\/\/www.cpcm03.fr\/wp-content\/uploads\/2020\/06\/Patricia-70912_o-800x533.jpg 800w, https:\/\/www.cpcm03.fr\/wp-content\/uploads\/2020\/06\/Patricia-70912_o-300x200.jpg 300w, https:\/\/www.cpcm03.fr\/wp-content\/uploads\/2020\/06\/Patricia-70912_o-768x512.jpg 768w, https:\/\/www.cpcm03.fr\/wp-content\/uploads\/2020\/06\/Patricia-70912_o.jpg 900w\" sizes=\"auto, (max-width: 800px) 100vw, 800px\" \/><\/figure>\n\n\n\n<p><\/p>\n\n\n\n<p><\/p>\n\n\n\n<p><\/p>\n\n\n\n<p><\/p>\n\n\n\n<figure class=\"wp-block-image size-large\"><img loading=\"lazy\" decoding=\"async\" width=\"800\" height=\"533\" src=\"http:\/\/www.cpcm03.fr\/wp-content\/uploads\/2020\/06\/Sylvaine-20960_o-800x533.jpg\" alt=\"\" class=\"wp-image-1802\" srcset=\"https:\/\/www.cpcm03.fr\/wp-content\/uploads\/2020\/06\/Sylvaine-20960_o-800x533.jpg 800w, https:\/\/www.cpcm03.fr\/wp-content\/uploads\/2020\/06\/Sylvaine-20960_o-300x200.jpg 300w, https:\/\/www.cpcm03.fr\/wp-content\/uploads\/2020\/06\/Sylvaine-20960_o-768x512.jpg 768w, https:\/\/www.cpcm03.fr\/wp-content\/uploads\/2020\/06\/Sylvaine-20960_o.jpg 900w\" sizes=\"auto, (max-width: 800px) 100vw, 800px\" \/><\/figure>\n\n\n\n<p><\/p>\n\n\n\n<div class=\"wp-block-image\"><figure class=\"aligncenter size-large\"><img loading=\"lazy\" decoding=\"async\" width=\"800\" height=\"533\" src=\"http:\/\/www.cpcm03.fr\/wp-content\/uploads\/2020\/06\/Sylvaine-52800_o-800x533.jpg\" alt=\"\" class=\"wp-image-1803\" srcset=\"https:\/\/www.cpcm03.fr\/wp-content\/uploads\/2020\/06\/Sylvaine-52800_o-800x533.jpg 800w, https:\/\/www.cpcm03.fr\/wp-content\/uploads\/2020\/06\/Sylvaine-52800_o-300x200.jpg 300w, https:\/\/www.cpcm03.fr\/wp-content\/uploads\/2020\/06\/Sylvaine-52800_o-768x512.jpg 768w, https:\/\/www.cpcm03.fr\/wp-content\/uploads\/2020\/06\/Sylvaine-52800_o.jpg 900w\" sizes=\"auto, (max-width: 800px) 100vw, 800px\" \/><\/figure><\/div>\n\n\n\n<div class=\"wp-block-image\"><figure class=\"aligncenter size-large\"><img loading=\"lazy\" decoding=\"async\" width=\"800\" height=\"533\" src=\"http:\/\/www.cpcm03.fr\/wp-content\/uploads\/2020\/06\/Sylvaine-64736_o-800x533.jpg\" alt=\"\" class=\"wp-image-1804\" srcset=\"https:\/\/www.cpcm03.fr\/wp-content\/uploads\/2020\/06\/Sylvaine-64736_o-800x533.jpg 800w, https:\/\/www.cpcm03.fr\/wp-content\/uploads\/2020\/06\/Sylvaine-64736_o-300x200.jpg 300w, https:\/\/www.cpcm03.fr\/wp-content\/uploads\/2020\/06\/Sylvaine-64736_o-768x512.jpg 768w, https:\/\/www.cpcm03.fr\/wp-content\/uploads\/2020\/06\/Sylvaine-64736_o.jpg 900w\" sizes=\"auto, (max-width: 800px) 100vw, 800px\" \/><\/figure><\/div>\n\n\n\n<div class=\"wp-block-image\"><figure class=\"aligncenter size-large\"><img loading=\"lazy\" decoding=\"async\" width=\"533\" height=\"800\" src=\"http:\/\/www.cpcm03.fr\/wp-content\/uploads\/2020\/06\/Sylvaine-71200_o-533x800.jpg\" alt=\"\" class=\"wp-image-1805\" srcset=\"https:\/\/www.cpcm03.fr\/wp-content\/uploads\/2020\/06\/Sylvaine-71200_o-533x800.jpg 533w, https:\/\/www.cpcm03.fr\/wp-content\/uploads\/2020\/06\/Sylvaine-71200_o-200x300.jpg 200w, https:\/\/www.cpcm03.fr\/wp-content\/uploads\/2020\/06\/Sylvaine-71200_o.jpg 600w\" sizes=\"auto, (max-width: 533px) 100vw, 533px\" \/><\/figure><\/div>\n\n\n\n<p><\/p>\n","protected":false},"excerpt":{"rendered":"<p>Voici quelques clich\u00e9s avec un regard depuis le Pont du Chatelet \u00e0 Montlu\u00e7on. L&rsquo;objectif \u00e9tait de rester uniquement sur un des trottoirs du Pont du Chatelet et porter son regard sur l&rsquo;environnement.<\/p>\n","protected":false},"author":1,"featured_media":0,"parent":0,"menu_order":0,"comment_status":"closed","ping_status":"closed","template":"","meta":{"_bbp_topic_count":0,"_bbp_reply_count":0,"_bbp_total_topic_count":0,"_bbp_total_reply_count":0,"_bbp_voice_count":0,"_bbp_anonymous_reply_count":0,"_bbp_topic_count_hidden":0,"_bbp_reply_count_hidden":0,"_bbp_forum_subforum_count":0,"om_disable_all_campaigns":false,"_monsterinsights_skip_tracking":false,"_monsterinsights_sitenote_active":false,"_monsterinsights_sitenote_note":"","_monsterinsights_sitenote_category":0,"_uf_show_specific_survey":0,"_uf_disable_surveys":false,"footnotes":""},"class_list":["post-1741","page","type-page","status-publish","hentry"],"aioseo_notices":[],"_links":{"self":[{"href":"https:\/\/www.cpcm03.fr\/index.php?rest_route=\/wp\/v2\/pages\/1741","targetHints":{"allow":["GET"]}}],"collection":[{"href":"https:\/\/www.cpcm03.fr\/index.php?rest_route=\/wp\/v2\/pages"}],"about":[{"href":"https:\/\/www.cpcm03.fr\/index.php?rest_route=\/wp\/v2\/types\/page"}],"author":[{"embeddable":true,"href":"https:\/\/www.cpcm03.fr\/index.php?rest_route=\/wp\/v2\/users\/1"}],"replies":[{"embeddable":true,"href":"https:\/\/www.cpcm03.fr\/index.php?rest_route=%2Fwp%2Fv2%2Fcomments&post=1741"}],"version-history":[{"count":11,"href":"https:\/\/www.cpcm03.fr\/index.php?rest_route=\/wp\/v2\/pages\/1741\/revisions"}],"predecessor-version":[{"id":1815,"href":"https:\/\/www.cpcm03.fr\/index.php?rest_route=\/wp\/v2\/pages\/1741\/revisions\/1815"}],"wp:attachment":[{"href":"https:\/\/www.cpcm03.fr\/index.php?rest_route=%2Fwp%2Fv2%2Fmedia&parent=1741"}],"curies":[{"name":"wp","href":"https:\/\/api.w.org\/{rel}","templated":true}]}}