{"id":1999,"date":"2020-07-30T18:56:58","date_gmt":"2020-07-30T16:56:58","guid":{"rendered":"http:\/\/www.cpcm03.fr\/?page_id=1999"},"modified":"2020-07-30T19:13:48","modified_gmt":"2020-07-30T17:13:48","slug":"sortie-jardin-wilson","status":"publish","type":"page","link":"https:\/\/www.cpcm03.fr\/?page_id=1999","title":{"rendered":"Sortie Jardin Wilson"},"content":{"rendered":"\n<p class=\"has-drop-cap\">Sortie du dimanche matin 28 juin 2020 au Jardin Wilson de Montlu\u00e7on.<\/p>\n\n\n\n<p>Dimanche 28 juin 2020 avait lieu, apr\u00e8s le d\u00e9confinement, notre premi\u00e8re sortie photo. Celle ci s\u2019est d\u00e9roul\u00e9e dans le Jardin Wilson de Montlu\u00e7on.<\/p>\n\n\n\n<p>Nous \u00e9tions huit \u00e0 arpenter les all\u00e9es du parc \u00e0 la recherche au plus pr\u00e8s d\u2019insectes, afin de r\u00e9aliser de belles macros\u2026Il est vrai que la temp\u00e9rature \u00e9tait id\u00e9ale mais le temps nuageux limitait la pr\u00e9sence de certaines petites bestioles.<\/p>\n\n\n\n<p>N\u00e9anmoins la richesse florale de ce parc joliment entretenu avait de quoi satisfaire l\u2019ensemble des participants qui ont donc pass\u00e9 un agr\u00e9able moment en &lt; mitraillant &gt; tous azimuts dans un environnement paisible.<\/p>\n\n\n\n<p>Au final, une belle sortie photo qui ne demande qu\u2019\u00e0 \u00eatre renouvel\u00e9e. Un projet de sortie est d\u00e9j\u00e0 inscrit sur les tablettes dans le courant du mois de juillet 2020.<\/p>\n\n\n\n<figure class=\"wp-block-image size-large\"><img loading=\"lazy\" decoding=\"async\" width=\"800\" height=\"533\" src=\"http:\/\/www.cpcm03.fr\/wp-content\/uploads\/2020\/06\/Sortie-Wilson-DSC_3493-2-800x533.jpg\" alt=\"\" class=\"wp-image-1934\" srcset=\"https:\/\/www.cpcm03.fr\/wp-content\/uploads\/2020\/06\/Sortie-Wilson-DSC_3493-2-800x533.jpg 800w, https:\/\/www.cpcm03.fr\/wp-content\/uploads\/2020\/06\/Sortie-Wilson-DSC_3493-2-300x200.jpg 300w, https:\/\/www.cpcm03.fr\/wp-content\/uploads\/2020\/06\/Sortie-Wilson-DSC_3493-2-768x512.jpg 768w, https:\/\/www.cpcm03.fr\/wp-content\/uploads\/2020\/06\/Sortie-Wilson-DSC_3493-2.jpg 900w\" sizes=\"auto, (max-width: 800px) 100vw, 800px\" \/><figcaption>Manque Tosca  absente au moment de la photo<\/figcaption><\/figure>\n","protected":false},"excerpt":{"rendered":"<p>Sortie du dimanche matin 28 juin 2020 au Jardin Wilson de Montlu\u00e7on. Dimanche 28 juin 2020 avait lieu, apr\u00e8s le d\u00e9confinement, notre premi\u00e8re sortie photo. Celle ci s\u2019est d\u00e9roul\u00e9e dans le Jardin Wilson de Montlu\u00e7on. Nous \u00e9tions huit \u00e0 arpenter les all\u00e9es du parc \u00e0 la recherche au plus pr\u00e8s d\u2019insectes, afin de r\u00e9aliser de [&hellip;]<\/p>\n","protected":false},"author":1,"featured_media":0,"parent":0,"menu_order":0,"comment_status":"closed","ping_status":"closed","template":"","meta":{"_bbp_topic_count":0,"_bbp_reply_count":0,"_bbp_total_topic_count":0,"_bbp_total_reply_count":0,"_bbp_voice_count":0,"_bbp_anonymous_reply_count":0,"_bbp_topic_count_hidden":0,"_bbp_reply_count_hidden":0,"_bbp_forum_subforum_count":0,"om_disable_all_campaigns":false,"_monsterinsights_skip_tracking":false,"_monsterinsights_sitenote_active":false,"_monsterinsights_sitenote_note":"","_monsterinsights_sitenote_category":0,"_uf_show_specific_survey":0,"_uf_disable_surveys":false,"footnotes":""},"class_list":["post-1999","page","type-page","status-publish","hentry"],"aioseo_notices":[],"_links":{"self":[{"href":"https:\/\/www.cpcm03.fr\/index.php?rest_route=\/wp\/v2\/pages\/1999","targetHints":{"allow":["GET"]}}],"collection":[{"href":"https:\/\/www.cpcm03.fr\/index.php?rest_route=\/wp\/v2\/pages"}],"about":[{"href":"https:\/\/www.cpcm03.fr\/index.php?rest_route=\/wp\/v2\/types\/page"}],"author":[{"embeddable":true,"href":"https:\/\/www.cpcm03.fr\/index.php?rest_route=\/wp\/v2\/users\/1"}],"replies":[{"embeddable":true,"href":"https:\/\/www.cpcm03.fr\/index.php?rest_route=%2Fwp%2Fv2%2Fcomments&post=1999"}],"version-history":[{"count":3,"href":"https:\/\/www.cpcm03.fr\/index.php?rest_route=\/wp\/v2\/pages\/1999\/revisions"}],"predecessor-version":[{"id":2005,"href":"https:\/\/www.cpcm03.fr\/index.php?rest_route=\/wp\/v2\/pages\/1999\/revisions\/2005"}],"wp:attachment":[{"href":"https:\/\/www.cpcm03.fr\/index.php?rest_route=%2Fwp%2Fv2%2Fmedia&parent=1999"}],"curies":[{"name":"wp","href":"https:\/\/api.w.org\/{rel}","templated":true}]}}