{"id":2059,"date":"2020-08-03T22:22:53","date_gmt":"2020-08-03T20:22:53","guid":{"rendered":"http:\/\/www.cpcm03.fr\/?page_id=2059"},"modified":"2020-08-03T22:29:02","modified_gmt":"2020-08-03T20:29:02","slug":"juin-2020","status":"publish","type":"page","link":"https:\/\/www.cpcm03.fr\/?page_id=2059","title":{"rendered":"Juin 2020"},"content":{"rendered":"\n<p class=\"has-text-color has-bright-blue-color\">D\u00e9fi  &lt; Ombre(s) et lumi\u00e8re(s) Juin 2020<\/p>\n\n\n\n<div class=\"wp-block-image\"><figure class=\"aligncenter size-large\"><img loading=\"lazy\" decoding=\"async\" width=\"512\" height=\"800\" src=\"http:\/\/www.cpcm03.fr\/wp-content\/uploads\/2020\/08\/Antoine-Ombres-et-Lumi\u00e8re-512x800.jpg\" alt=\"\" class=\"wp-image-2062\" srcset=\"https:\/\/www.cpcm03.fr\/wp-content\/uploads\/2020\/08\/Antoine-Ombres-et-Lumi\u00e8re-512x800.jpg 512w, https:\/\/www.cpcm03.fr\/wp-content\/uploads\/2020\/08\/Antoine-Ombres-et-Lumi\u00e8re-192x300.jpg 192w, https:\/\/www.cpcm03.fr\/wp-content\/uploads\/2020\/08\/Antoine-Ombres-et-Lumi\u00e8re.jpg 576w\" sizes=\"auto, (max-width: 512px) 100vw, 512px\" \/><\/figure><\/div>\n\n\n\n<div class=\"wp-block-image\"><figure class=\"aligncenter size-large\"><img loading=\"lazy\" decoding=\"async\" width=\"800\" height=\"532\" src=\"http:\/\/www.cpcm03.fr\/wp-content\/uploads\/2020\/08\/B\u00e9n\u00e9dicte-Ombres-et-lumi\u00e8res--800x532.jpg\" alt=\"\" class=\"wp-image-2063\" srcset=\"https:\/\/www.cpcm03.fr\/wp-content\/uploads\/2020\/08\/B\u00e9n\u00e9dicte-Ombres-et-lumi\u00e8res--800x532.jpg 800w, https:\/\/www.cpcm03.fr\/wp-content\/uploads\/2020\/08\/B\u00e9n\u00e9dicte-Ombres-et-lumi\u00e8res--300x200.jpg 300w, https:\/\/www.cpcm03.fr\/wp-content\/uploads\/2020\/08\/B\u00e9n\u00e9dicte-Ombres-et-lumi\u00e8res--768x511.jpg 768w, https:\/\/www.cpcm03.fr\/wp-content\/uploads\/2020\/08\/B\u00e9n\u00e9dicte-Ombres-et-lumi\u00e8res-.jpg 900w\" sizes=\"auto, (max-width: 800px) 100vw, 800px\" \/><\/figure><\/div>\n\n\n\n<div class=\"wp-block-image\"><figure class=\"aligncenter size-large\"><img loading=\"lazy\" decoding=\"async\" width=\"800\" height=\"533\" src=\"http:\/\/www.cpcm03.fr\/wp-content\/uploads\/2020\/08\/Claudine-Ombre-et-Lumi\u00e8re-1483-800x533.jpg\" alt=\"\" class=\"wp-image-2064\" srcset=\"https:\/\/www.cpcm03.fr\/wp-content\/uploads\/2020\/08\/Claudine-Ombre-et-Lumi\u00e8re-1483-800x533.jpg 800w, https:\/\/www.cpcm03.fr\/wp-content\/uploads\/2020\/08\/Claudine-Ombre-et-Lumi\u00e8re-1483-300x200.jpg 300w, https:\/\/www.cpcm03.fr\/wp-content\/uploads\/2020\/08\/Claudine-Ombre-et-Lumi\u00e8re-1483-768x512.jpg 768w, https:\/\/www.cpcm03.fr\/wp-content\/uploads\/2020\/08\/Claudine-Ombre-et-Lumi\u00e8re-1483.jpg 900w\" sizes=\"auto, (max-width: 800px) 100vw, 800px\" \/><\/figure><\/div>\n\n\n\n<div class=\"wp-block-image\"><figure class=\"aligncenter size-large\"><img loading=\"lazy\" decoding=\"async\" width=\"800\" height=\"533\" src=\"http:\/\/www.cpcm03.fr\/wp-content\/uploads\/2020\/08\/Jean-Pierre-Ombre-et-Lumi\u00e8re--800x533.jpg\" alt=\"\" class=\"wp-image-2065\" srcset=\"https:\/\/www.cpcm03.fr\/wp-content\/uploads\/2020\/08\/Jean-Pierre-Ombre-et-Lumi\u00e8re--800x533.jpg 800w, https:\/\/www.cpcm03.fr\/wp-content\/uploads\/2020\/08\/Jean-Pierre-Ombre-et-Lumi\u00e8re--300x200.jpg 300w, https:\/\/www.cpcm03.fr\/wp-content\/uploads\/2020\/08\/Jean-Pierre-Ombre-et-Lumi\u00e8re--768x512.jpg 768w, https:\/\/www.cpcm03.fr\/wp-content\/uploads\/2020\/08\/Jean-Pierre-Ombre-et-Lumi\u00e8re-.jpg 900w\" sizes=\"auto, (max-width: 800px) 100vw, 800px\" \/><\/figure><\/div>\n\n\n\n<div class=\"wp-block-image\"><figure class=\"aligncenter size-large\"><img loading=\"lazy\" decoding=\"async\" width=\"800\" height=\"709\" src=\"http:\/\/www.cpcm03.fr\/wp-content\/uploads\/2020\/08\/Jocelyne-Ombre-et-Lumi\u00e8re--800x709.jpg\" alt=\"\" class=\"wp-image-2066\" srcset=\"https:\/\/www.cpcm03.fr\/wp-content\/uploads\/2020\/08\/Jocelyne-Ombre-et-Lumi\u00e8re--800x709.jpg 800w, https:\/\/www.cpcm03.fr\/wp-content\/uploads\/2020\/08\/Jocelyne-Ombre-et-Lumi\u00e8re--300x266.jpg 300w, https:\/\/www.cpcm03.fr\/wp-content\/uploads\/2020\/08\/Jocelyne-Ombre-et-Lumi\u00e8re--768x681.jpg 768w, https:\/\/www.cpcm03.fr\/wp-content\/uploads\/2020\/08\/Jocelyne-Ombre-et-Lumi\u00e8re-.jpg 900w\" sizes=\"auto, (max-width: 800px) 100vw, 800px\" \/><\/figure><\/div>\n\n\n\n<div class=\"wp-block-image\"><figure class=\"aligncenter size-large\"><img loading=\"lazy\" decoding=\"async\" width=\"533\" height=\"800\" src=\"http:\/\/www.cpcm03.fr\/wp-content\/uploads\/2020\/08\/No\u00eblle-Ombre-et-Lumi\u00e8re-533x800.jpg\" alt=\"\" class=\"wp-image-2067\" srcset=\"https:\/\/www.cpcm03.fr\/wp-content\/uploads\/2020\/08\/No\u00eblle-Ombre-et-Lumi\u00e8re-533x800.jpg 533w, https:\/\/www.cpcm03.fr\/wp-content\/uploads\/2020\/08\/No\u00eblle-Ombre-et-Lumi\u00e8re-200x300.jpg 200w, https:\/\/www.cpcm03.fr\/wp-content\/uploads\/2020\/08\/No\u00eblle-Ombre-et-Lumi\u00e8re.jpg 600w\" sizes=\"auto, (max-width: 533px) 100vw, 533px\" \/><\/figure><\/div>\n\n\n\n<div class=\"wp-block-image\"><figure class=\"aligncenter size-large\"><img loading=\"lazy\" decoding=\"async\" width=\"533\" height=\"800\" src=\"http:\/\/www.cpcm03.fr\/wp-content\/uploads\/2020\/08\/Patricia-ombre-et_lumi\u00e8re-533x800.jpg\" alt=\"\" class=\"wp-image-2068\" srcset=\"https:\/\/www.cpcm03.fr\/wp-content\/uploads\/2020\/08\/Patricia-ombre-et_lumi\u00e8re-533x800.jpg 533w, https:\/\/www.cpcm03.fr\/wp-content\/uploads\/2020\/08\/Patricia-ombre-et_lumi\u00e8re-200x300.jpg 200w, https:\/\/www.cpcm03.fr\/wp-content\/uploads\/2020\/08\/Patricia-ombre-et_lumi\u00e8re.jpg 600w\" sizes=\"auto, (max-width: 533px) 100vw, 533px\" \/><\/figure><\/div>\n\n\n\n<div class=\"wp-block-image\"><figure class=\"aligncenter size-large\"><img loading=\"lazy\" decoding=\"async\" width=\"800\" height=\"533\" src=\"http:\/\/www.cpcm03.fr\/wp-content\/uploads\/2020\/08\/Pierre-Ombre-et-lumi\u00e8re-2020.-800x533.jpg\" alt=\"\" class=\"wp-image-2069\" srcset=\"https:\/\/www.cpcm03.fr\/wp-content\/uploads\/2020\/08\/Pierre-Ombre-et-lumi\u00e8re-2020.-800x533.jpg 800w, https:\/\/www.cpcm03.fr\/wp-content\/uploads\/2020\/08\/Pierre-Ombre-et-lumi\u00e8re-2020.-300x200.jpg 300w, https:\/\/www.cpcm03.fr\/wp-content\/uploads\/2020\/08\/Pierre-Ombre-et-lumi\u00e8re-2020.-768x512.jpg 768w, https:\/\/www.cpcm03.fr\/wp-content\/uploads\/2020\/08\/Pierre-Ombre-et-lumi\u00e8re-2020..jpg 900w\" sizes=\"auto, (max-width: 800px) 100vw, 800px\" \/><\/figure><\/div>\n","protected":false},"excerpt":{"rendered":"<p>D\u00e9fi &lt; Ombre(s) et lumi\u00e8re(s) Juin 2020<\/p>\n","protected":false},"author":1,"featured_media":0,"parent":0,"menu_order":0,"comment_status":"closed","ping_status":"closed","template":"","meta":{"_bbp_topic_count":0,"_bbp_reply_count":0,"_bbp_total_topic_count":0,"_bbp_total_reply_count":0,"_bbp_voice_count":0,"_bbp_anonymous_reply_count":0,"_bbp_topic_count_hidden":0,"_bbp_reply_count_hidden":0,"_bbp_forum_subforum_count":0,"om_disable_all_campaigns":false,"_monsterinsights_skip_tracking":false,"_monsterinsights_sitenote_active":false,"_monsterinsights_sitenote_note":"","_monsterinsights_sitenote_category":0,"_uf_show_specific_survey":0,"_uf_disable_surveys":false,"footnotes":""},"class_list":["post-2059","page","type-page","status-publish","hentry"],"aioseo_notices":[],"_links":{"self":[{"href":"https:\/\/www.cpcm03.fr\/index.php?rest_route=\/wp\/v2\/pages\/2059","targetHints":{"allow":["GET"]}}],"collection":[{"href":"https:\/\/www.cpcm03.fr\/index.php?rest_route=\/wp\/v2\/pages"}],"about":[{"href":"https:\/\/www.cpcm03.fr\/index.php?rest_route=\/wp\/v2\/types\/page"}],"author":[{"embeddable":true,"href":"https:\/\/www.cpcm03.fr\/index.php?rest_route=\/wp\/v2\/users\/1"}],"replies":[{"embeddable":true,"href":"https:\/\/www.cpcm03.fr\/index.php?rest_route=%2Fwp%2Fv2%2Fcomments&post=2059"}],"version-history":[{"count":2,"href":"https:\/\/www.cpcm03.fr\/index.php?rest_route=\/wp\/v2\/pages\/2059\/revisions"}],"predecessor-version":[{"id":2070,"href":"https:\/\/www.cpcm03.fr\/index.php?rest_route=\/wp\/v2\/pages\/2059\/revisions\/2070"}],"wp:attachment":[{"href":"https:\/\/www.cpcm03.fr\/index.php?rest_route=%2Fwp%2Fv2%2Fmedia&parent=2059"}],"curies":[{"name":"wp","href":"https:\/\/api.w.org\/{rel}","templated":true}]}}