{"id":2112,"date":"2020-09-19T21:08:31","date_gmt":"2020-09-19T19:08:31","guid":{"rendered":"http:\/\/www.cpcm03.fr\/?page_id=2112"},"modified":"2023-01-21T15:59:13","modified_gmt":"2023-01-21T14:59:13","slug":"dernieres-nouvelles","status":"publish","type":"page","link":"https:\/\/www.cpcm03.fr\/?page_id=2112","title":{"rendered":"ANNEE 2022"},"content":{"rendered":"\n<p class=\"has-text-align-center\">******<\/p>\n\n\n\n<p>L\u2019assembl\u00e9e g\u00e9n\u00e9rale du Cin\u00e9 Photo Club Montlu\u00e7onnais s\u2019est tenue le lundi 17 octobre 2022 \u00e0 la MJC de Fontbouillant \u00e0 l\u2019issue duquel il a \u00e9t\u00e9 proc\u00e9d\u00e9 \u00e0 l\u2019\u00e9lection du nouveau bureau.<\/p>\n\n\n\n<p>Nous avons eu l\u2019honneur d\u2019accueillir 8 nouveaux adh\u00e9rents auxquels nous leur souhaitons la Bienvenue, il s\u2019agit de : Marie-Marthe Dufaud \u2013 Magdal\u00e9na Swietek \u2013 Marie-H\u00e9l\u00e8ne Freiss \u2013 Val\u00e9rie Lefaure \u2013 Jo\u00ebl Ruviralta \u2013 Olivier Peyrot \u2013 St\u00e9phane Wisniewski \u2013 Marc Gil.<\/p>\n\n\n\n<p><\/p>\n\n\n\n<p class=\"has-text-align-center\">*****<\/p>\n\n\n\n<figure class=\"wp-block-image size-large\"><img loading=\"lazy\" decoding=\"async\" width=\"800\" height=\"689\" src=\"http:\/\/www.cpcm03.fr\/wp-content\/uploads\/2022\/11\/Semaine-de-lAllier-17-11-2022-site--800x689.jpg\" alt=\"\" class=\"wp-image-4781\" srcset=\"https:\/\/www.cpcm03.fr\/wp-content\/uploads\/2022\/11\/Semaine-de-lAllier-17-11-2022-site--800x689.jpg 800w, https:\/\/www.cpcm03.fr\/wp-content\/uploads\/2022\/11\/Semaine-de-lAllier-17-11-2022-site--300x258.jpg 300w, https:\/\/www.cpcm03.fr\/wp-content\/uploads\/2022\/11\/Semaine-de-lAllier-17-11-2022-site--768x661.jpg 768w, https:\/\/www.cpcm03.fr\/wp-content\/uploads\/2022\/11\/Semaine-de-lAllier-17-11-2022-site-.jpg 1000w\" sizes=\"auto, (max-width: 800px) 100vw, 800px\" \/><\/figure>\n\n\n\n<p><\/p>\n\n\n\n<p class=\"has-text-align-center\">******<\/p>\n\n\n\n<p>05\/01\/2022<\/p>\n\n\n\n<p>Nouvel adh\u00e9rent en la personne de Philippe Petit de Montlu\u00e7on, nous lui souhaitons la Bienvenue.<\/p>\n\n\n\n<p class=\"has-text-align-center\">******<\/p>\n\n\n\n<p>02\/01\/2022<\/p>\n\n\n\n<p>Nous avons l\u2019occasion d\u2019accueillir, Melle Ornelle Demay de Montlu\u00e7on. Nous lui souhaitons la Bienvenue.<\/p>\n\n\n\n<p>******<\/p>\n\n\n\n<p>Notre  Exposition Photo annuelle &nbsp;\u00bb 56\u00e8me &nbsp;\u00bb du CPCM03 a eu lieu  du samedi 2 juillet au dimanche 10 juillet 2022, salle de l\u2019Orangerie au Ch\u00e2teau de La Louvi\u00e8re \u00e0 Montlu\u00e7on.<\/p>\n\n\n\n<p class=\"has-text-align-center\">******<\/p>\n\n\n\n<p class=\"has-text-align-center\"><strong>Les d\u00e9fis de la nouvelle saison sont ci-dessous, une photo accept\u00e9e par d\u00e9fi.<\/strong><\/p>\n\n\n\n<figure class=\"wp-block-table aligncenter\"><table><tbody><tr><td><strong>Mois<\/strong><\/td><td class=\"has-text-align-center\" data-align=\"center\"><strong>D\u00e9fi<\/strong><\/td><\/tr><tr><td>Janvier<\/td><td class=\"has-text-align-center\" data-align=\"center\">Multicolore  \u00a0\u00bb fait \u00ab\u00a0<\/td><\/tr><tr><td>F\u00e9vrier<\/td><td class=\"has-text-align-center\" data-align=\"center\">Alignement \u00a0\u00bb fait \u00ab\u00a0<\/td><\/tr><tr><td>Mars<\/td><td class=\"has-text-align-center\" data-align=\"center\">Direction \u00a0\u00bb fait \u00ab\u00a0<\/td><\/tr><tr><td>Avril<\/td><td class=\"has-text-align-center\" data-align=\"center\">Vu d&rsquo;en haut \u00a0\u00bb fait \u00ab\u00a0<\/td><\/tr><tr><td>Mai<\/td><td class=\"has-text-align-center\" data-align=\"center\">Dans le ciel \u00a0\u00bb fait \u00ab\u00a0<\/td><\/tr><tr><td>Juin<\/td><td class=\"has-text-align-center\" data-align=\"center\">Dans les champs \u00a0\u00bb fait \u00ab\u00a0<\/td><\/tr><tr><td>Septembre<\/td><td class=\"has-text-align-center\" data-align=\"center\">La ville  \u00a0\u00bb fait \u00ab\u00a0<\/td><\/tr><tr><td>Octobre<\/td><td class=\"has-text-align-center\" data-align=\"center\">Vigne  \u00a0\u00bb fait \u00ab\u00a0<\/td><\/tr><tr><td>Novembre<\/td><td class=\"has-text-align-center\" data-align=\"center\">Animaux dans la for\u00eat  \u00a0\u00bb fait \u00ab\u00a0<\/td><\/tr><tr><td>D\u00e9cembre<\/td><td class=\"has-text-align-center\" data-align=\"center\">Jouet(s) \u00a0\u00bb fait \u00ab\u00a0<\/td><\/tr><\/tbody><\/table><\/figure>\n\n\n\n<p>*************************************************************<\/p>\n\n\n\n<h1 class=\"wp-block-heading\">2021<\/h1>\n\n\n\n<p>Le 13\/08\/2021<\/p>\n\n\n\n<p>Le 09\/07\/2021 <\/p>\n\n\n\n<p class=\"has-drop-cap\"><span style=\"color:#640c1f\" class=\"color\">N<\/span>ouvelle adh\u00e9rente en la personne de Patricia Dumas de Montlu\u00e7on, nous lui souhaitons la Bienvenue.<\/p>\n\n\n\n<p class=\"has-text-align-center\">******<\/p>\n\n\n\n<p>Le 23\/03\/2021<\/p>\n\n\n\n<p class=\"has-drop-cap\">Nouvel adh\u00e9rent en la personne de Richard Briffault, qui nous vient de Pr\u00e9milhat, nous lui souhaitons la Bienvenue.<\/p>\n\n\n\n<p class=\"has-text-align-center\">******<\/p>\n\n\n\n<p>L<em>e 26\/01\/2021<\/em><\/p>\n\n\n\n<p class=\"has-drop-cap has-text-align-center has-text-color\" style=\"color:#a30089\">D\u00e9fis 2021<\/p>\n\n\n\n<p><\/p>\n\n\n\n<p><strong><u><span style=\"color:#26e23f\" class=\"color\">J<\/span><\/u><\/strong><span style=\"color:#5dd339\" class=\"color\"><strong><u>anvier 2021&nbsp;<\/u>:&nbsp;Noir et Blanc&nbsp;(choix de No\u00eblle)<\/strong> Fait<\/span><\/p>\n\n\n\n<p><span style=\"color:#2bc93b\" class=\"color\"><strong><u>F\u00e9vrier 2021 :<\/u>&nbsp;Partie du corps&nbsp;(choix de Christine)<\/strong> Fait<\/span><\/p>\n\n\n\n<p><span style=\"color:#30d33a\" class=\"color\"><strong><u>Mars 2021&nbsp;<\/u>:&nbsp;Matin&nbsp;(choix de Gilles)<\/strong> Fait<\/span><\/p>\n\n\n\n<p><span style=\"color:#33ce30\" class=\"color\"><strong><u>Avril 2021:<\/u>&nbsp;Fleurs&nbsp;(choix de Sandra)<\/strong> Fait<\/span><\/p>\n\n\n\n<p><span style=\"color:#1ca300\" class=\"color\"><strong><u>Mai 2021 :<\/u>&nbsp;Architecture&nbsp;(choix de Jean-Pierre)<\/strong> fait<\/span><\/p>\n\n\n\n<p class=\"has-text-color\" style=\"color:#00a355\"><strong><u>Juin 2021&nbsp;<\/u>:&nbsp;Reflets&nbsp;(choix de Patricia)<\/strong> Fait<\/p>\n\n\n\n<p class=\"has-text-color\" style=\"color:#22a300\"><strong><u>Septembre 2021&nbsp;<\/u>:&nbsp;Bulles&nbsp;(choix de Caroline)<\/strong> Fait<\/p>\n\n\n\n<p class=\"has-text-color\" style=\"color:#00a356\"><strong><u>Octobre 2021 :<\/u>&nbsp;Cadre dans le cadre&nbsp;(choix de Jocelyne)<\/strong> Fait<\/p>\n\n\n\n<p class=\"has-text-color\" style=\"color:#00a329\"><strong><u>Novembre 2021&nbsp;<\/u>:&nbsp;Minimalisme&nbsp;(choix de Claudine)<\/strong> Fait<\/p>\n\n\n\n<p><strong><u>D\u00e9cembre 2021 :<\/u>&nbsp;Courbe(s)&nbsp;(choix de B\u00e9n\u00e9dicte)<\/strong><\/p>\n\n\n\n<p>*************************************************************<\/p>\n\n\n\n<p><strong>Ponts&nbsp;:<\/strong>&nbsp;N&rsquo;oubliez pas la proposition de Christine Mijailovic lors de la r\u00e9union du 21 f\u00e9vrier, \u00e0 savoir : photographier des ponts ! . Donc, au hasard de vos promenades, n\u2019oubliez pas de photographier&#8230;des ponts&nbsp;!!&nbsp; &nbsp;<\/p>\n\n\n\n<p>*************************************************************<\/p>\n\n\n\n<p>&nbsp;&nbsp;&nbsp;&nbsp;&nbsp;&nbsp;<strong>.<\/strong>&nbsp;<strong><u>Page Facebook&nbsp;du CPCM&nbsp;:<\/u><\/strong>&nbsp;<a rel=\"noreferrer noopener\" href=\"https:\/\/www.facebook.com\/Cpcm03\/\" target=\"_blank\">https:\/\/www.facebook.com\/Cpcm03\/<\/a>&nbsp; &nbsp; &nbsp; &nbsp; &nbsp; &nbsp; &nbsp; &nbsp; &nbsp; &nbsp; &nbsp; &nbsp; &nbsp; &nbsp; &nbsp; &nbsp; Elle est active, Pierre l\u2019alimente notamment avec nos d\u00e9fis, toujours avec un peu de retard, mais vous pouvez la consulter.<\/p>\n\n\n\n<p>************************************************************* &nbsp; &nbsp; &nbsp; &nbsp; &nbsp; &nbsp; &nbsp; &nbsp; &nbsp; &nbsp; &nbsp; &nbsp; &nbsp; &nbsp; &nbsp; &nbsp; &nbsp; &nbsp; &nbsp; &nbsp; &nbsp; &nbsp; &nbsp; &nbsp; &nbsp; &nbsp; &nbsp; &nbsp; &nbsp; &nbsp; &nbsp; &nbsp; &nbsp; &nbsp; &nbsp; &nbsp; &nbsp; &nbsp; &nbsp; &nbsp; &nbsp; &nbsp; &nbsp; &nbsp; &nbsp; &nbsp; &nbsp; &nbsp; &nbsp; &nbsp; &nbsp; &nbsp; &nbsp; &nbsp; &nbsp; &nbsp; &nbsp; &nbsp; &nbsp; &nbsp; &nbsp; &nbsp; &nbsp; &nbsp; &nbsp; &nbsp; &nbsp; &nbsp; &nbsp; &nbsp; &nbsp; &nbsp; &nbsp;&nbsp;<\/p>\n\n\n\n<ul class=\"wp-block-list\"><li><strong><u>Achat d\u2019un kit&nbsp;:<\/u><\/strong>&nbsp;En accord avec Pascal, et sur proposition d\u2019Antoine, nous avons achet\u00e9 pour le club un kit d\u2019\u00e9clairage avec fonds. Nous pourrons nous en servir lors de nos r\u00e9unions.&nbsp; &nbsp; &nbsp; &nbsp; &nbsp; &nbsp; &nbsp; &nbsp; &nbsp; &nbsp; &nbsp; &nbsp; &nbsp; &nbsp; &nbsp; &nbsp; &nbsp; &nbsp; &nbsp; &nbsp; &nbsp; &nbsp; &nbsp; &nbsp; &nbsp; &nbsp; &nbsp; &nbsp; &nbsp; &nbsp; &nbsp; &nbsp; &nbsp; &nbsp; &nbsp; &nbsp; &nbsp; &nbsp; &nbsp; &nbsp; &nbsp; &nbsp; &nbsp; &nbsp; &nbsp; &nbsp; &nbsp; &nbsp; &nbsp; &nbsp; &nbsp; &nbsp; &nbsp; &nbsp; &nbsp; &nbsp; &nbsp; &nbsp; &nbsp; &nbsp; &nbsp; &nbsp; &nbsp; &nbsp; &nbsp; &nbsp; &nbsp; &nbsp; &nbsp; &nbsp;&nbsp;<\/li><li><strong><u>Abonnement&nbsp;:<\/u><\/strong>&nbsp;Suite \u00e0 une proposition d\u2019Antoine lors de la&nbsp; r\u00e9union du 21 f\u00e9vrier dernier, nous nous abonnons \u00e0 la revue&nbsp;&nbsp;\u00abScience et Vie Photo&nbsp;\u00bb, en formats papier et num\u00e9rique. Le magazine papier pourra tourner parmi les adh\u00e9rents, mais chacun le recevra en format num\u00e9rique sur sa bo\u00eete mails.&nbsp; &nbsp; &nbsp; &nbsp; &nbsp; &nbsp; &nbsp; &nbsp; &nbsp; &nbsp; &nbsp; &nbsp; &nbsp; &nbsp; &nbsp; &nbsp; &nbsp; &nbsp; &nbsp; &nbsp; &nbsp; &nbsp; &nbsp; &nbsp; &nbsp; &nbsp; &nbsp; &nbsp; &nbsp; &nbsp; &nbsp; &nbsp; &nbsp; &nbsp; &nbsp; &nbsp; &nbsp; &nbsp; &nbsp; &nbsp; &nbsp; &nbsp; &nbsp; &nbsp; &nbsp; &nbsp; &nbsp; &nbsp; &nbsp; &nbsp; &nbsp; &nbsp; &nbsp;<\/li><\/ul>\n\n\n\n<p>Nous esp\u00e9rons que ces petites infos vous feront plaisir, et comptons sur&nbsp;votre participation.<\/p>\n\n\n\n<p>Nous restons \u00e0 votre disposition pour tout renseignement compl\u00e9mentaire.<\/p>\n\n\n\n<p>Merci&nbsp;et \u00e0 bient\u00f4t,<\/p>\n\n\n\n<p>Amicalement,&nbsp;<\/p>\n\n\n\n<p>Pierre et Antoine.<\/p>\n\n\n\n<p><strong><a href=\"mailto:plasne@hotmail.fr\" target=\"_blank\" rel=\"noreferrer noopener\">plasne@hotmail.fr<\/a><\/strong><\/p>\n\n\n\n<p><strong><a rel=\"noreferrer noopener\" href=\"mailto:antoine.gerardo@gmail.com\" target=\"_blank\">antoine.gerardo@gmail.com<\/a><\/strong><\/p>\n\n\n\n<p>&nbsp; &nbsp; &nbsp; &nbsp; &nbsp; &nbsp; &nbsp; &nbsp; &nbsp; &nbsp; &nbsp; &nbsp; &nbsp; &nbsp; &nbsp; &nbsp; &nbsp; &nbsp; &nbsp; &nbsp; &nbsp; &nbsp; &nbsp; &nbsp; &nbsp; &nbsp; &nbsp; &nbsp; &nbsp; &nbsp; &nbsp; &nbsp; &nbsp; &nbsp; &nbsp; &nbsp; &nbsp; &nbsp; &nbsp; &nbsp; &nbsp; &nbsp; &nbsp; &nbsp; &nbsp; &nbsp; &nbsp; &nbsp; &nbsp; &nbsp; &nbsp; &nbsp; &nbsp; &nbsp; &nbsp; &nbsp; &nbsp; &nbsp; &nbsp; &nbsp; &nbsp; &nbsp; &nbsp; &nbsp; &nbsp; &nbsp; &nbsp; &nbsp; &nbsp; &nbsp; &nbsp; &nbsp; &nbsp; &nbsp; &nbsp; &nbsp; &nbsp; &nbsp; &nbsp; &nbsp; &nbsp; &nbsp; &nbsp; &nbsp; &nbsp; &nbsp; &nbsp; &nbsp; &nbsp; &nbsp; &nbsp; &nbsp; &nbsp; &nbsp; &nbsp; &nbsp; &nbsp; &nbsp; &nbsp; &nbsp; &nbsp; &nbsp; &nbsp; &nbsp; &nbsp; &nbsp; &nbsp; &nbsp; &nbsp; &nbsp; &nbsp; &nbsp; &nbsp; &nbsp; &nbsp; &nbsp; &nbsp; &nbsp; &nbsp; &nbsp; &nbsp; &nbsp; &nbsp; &nbsp; &nbsp; &nbsp; &nbsp; &nbsp; &nbsp; &nbsp; &nbsp;<\/p>\n\n\n\n<p>&nbsp; &nbsp; &nbsp; &nbsp; &nbsp; &nbsp; &nbsp; &nbsp; &nbsp; &nbsp; &nbsp; &nbsp; &nbsp; &nbsp; &nbsp; &nbsp; &nbsp; &nbsp; &nbsp; &nbsp; &nbsp; &nbsp; &nbsp; &nbsp; &nbsp; &nbsp; &nbsp; &nbsp; &nbsp; &nbsp; &nbsp; &nbsp; &nbsp; &nbsp; &nbsp; &nbsp; &nbsp; &nbsp; &nbsp; &nbsp; &nbsp; &nbsp; &nbsp; &nbsp; &nbsp; &nbsp; &nbsp; &nbsp; &nbsp; &nbsp; &nbsp;&nbsp;<\/p>\n\n\n\n<p><\/p>\n","protected":false},"excerpt":{"rendered":"<p>****** L\u2019assembl\u00e9e g\u00e9n\u00e9rale du Cin\u00e9 Photo Club Montlu\u00e7onnais s\u2019est tenue le lundi 17 octobre 2022 \u00e0 la MJC de Fontbouillant \u00e0 l\u2019issue duquel il a \u00e9t\u00e9 proc\u00e9d\u00e9 \u00e0 l\u2019\u00e9lection du nouveau bureau. Nous avons eu l\u2019honneur d\u2019accueillir 8 nouveaux adh\u00e9rents auxquels nous leur souhaitons la Bienvenue, il s\u2019agit de : Marie-Marthe Dufaud \u2013 Magdal\u00e9na Swietek [&hellip;]<\/p>\n","protected":false},"author":1,"featured_media":0,"parent":0,"menu_order":0,"comment_status":"closed","ping_status":"closed","template":"","meta":{"_bbp_topic_count":0,"_bbp_reply_count":0,"_bbp_total_topic_count":0,"_bbp_total_reply_count":0,"_bbp_voice_count":0,"_bbp_anonymous_reply_count":0,"_bbp_topic_count_hidden":0,"_bbp_reply_count_hidden":0,"_bbp_forum_subforum_count":0,"om_disable_all_campaigns":false,"_monsterinsights_skip_tracking":false,"_monsterinsights_sitenote_active":false,"_monsterinsights_sitenote_note":"","_monsterinsights_sitenote_category":0,"_uf_show_specific_survey":0,"_uf_disable_surveys":false,"footnotes":""},"class_list":["post-2112","page","type-page","status-publish","hentry"],"aioseo_notices":[],"_links":{"self":[{"href":"https:\/\/www.cpcm03.fr\/index.php?rest_route=\/wp\/v2\/pages\/2112","targetHints":{"allow":["GET"]}}],"collection":[{"href":"https:\/\/www.cpcm03.fr\/index.php?rest_route=\/wp\/v2\/pages"}],"about":[{"href":"https:\/\/www.cpcm03.fr\/index.php?rest_route=\/wp\/v2\/types\/page"}],"author":[{"embeddable":true,"href":"https:\/\/www.cpcm03.fr\/index.php?rest_route=\/wp\/v2\/users\/1"}],"replies":[{"embeddable":true,"href":"https:\/\/www.cpcm03.fr\/index.php?rest_route=%2Fwp%2Fv2%2Fcomments&post=2112"}],"version-history":[{"count":42,"href":"https:\/\/www.cpcm03.fr\/index.php?rest_route=\/wp\/v2\/pages\/2112\/revisions"}],"predecessor-version":[{"id":5041,"href":"https:\/\/www.cpcm03.fr\/index.php?rest_route=\/wp\/v2\/pages\/2112\/revisions\/5041"}],"wp:attachment":[{"href":"https:\/\/www.cpcm03.fr\/index.php?rest_route=%2Fwp%2Fv2%2Fmedia&parent=2112"}],"curies":[{"name":"wp","href":"https:\/\/api.w.org\/{rel}","templated":true}]}}