{"id":2135,"date":"2020-10-02T23:36:25","date_gmt":"2020-10-02T21:36:25","guid":{"rendered":"http:\/\/www.cpcm03.fr\/?page_id=2135"},"modified":"2021-01-01T00:32:14","modified_gmt":"2020-12-31T23:32:14","slug":"blog","status":"publish","type":"page","link":"https:\/\/www.cpcm03.fr\/?page_id=2135","title":{"rendered":"Blog"},"content":{"rendered":"\n<p>30 D\u00c9CEMBRE, 2020<\/p>\n\n\n\n<h1 class=\"wp-block-heading\">Faire de la photographie durant le confinement avec CAMSTRAP, randonn\u00e9es et ballades dans la nature ou en ville<\/h1>\n\n\n\n\n\n<p><strong>Comment pr\u00e9voir vos sorties photos durant le confinement ou couvre-feu?&nbsp;<\/strong><\/p>\n\n\n\n<p>La COVID a rendu beaucoup plus contraignantes les possibilit\u00e9s de faire des sorties photos, heureusement, avec l\u2019arriv\u00e9e du vaccin et en respectant les mesures de protections tel que le port du masque, il est possible de continuer a pratiquer<strong>&nbsp;notre passion : la photographie&nbsp;<\/strong><\/p>\n\n\n\n<p>Vous pouvez sortir pendant une heure \u00e0 un kilom\u00e8tre de chez vous. Il y a forc\u00e9ment des photos \u00e0 faire dans cet environnement. Parcourez les rues de votre ville, les chemins de votre campagne. Passez plusieurs fois au m\u00eame endroit, profitez des conditions m\u00e9t\u00e9o changeantes pour photographier le m\u00eame sujet avec des lumi\u00e8res diff\u00e9rentes. Le paysage change en permanence, montrez ces changements. La ville est en perp\u00e9tuel mouvement, montrez-le aussi.<strong>Nos conseils sortie photos et activit\u00e9s:<\/strong><\/p>\n\n\n\n<ol class=\"wp-block-list\"><li><strong>Privil\u00e9giez les sorties dans la nature&nbsp;<\/strong><\/li><\/ol>\n\n\n\n<figure class=\"wp-block-image\"><img decoding=\"async\" src=\"https:\/\/cdn.shopify.com\/s\/files\/1\/0075\/5109\/0759\/files\/5M2A8375-min_480x480.jpg?v=1568972847\" alt=\"photographie nature camstrap\"\/><\/figure>\n\n\n\n<p>Pour reprendre contact avec la nature et&nbsp;&nbsp;et se retrouver enfin seul, au calme, enfilez vos chaussures et partez vous balader dans la for\u00eat la plus proche de votre domicile.&nbsp;Il y en a forc\u00e9ment une pr\u00e8s de chez vous !Une fois sur place, prenez le temps de vous asseoir par terre, \u00e9coutez les bruits&nbsp;autour de vous, respirez les odeurs, observez la v\u00e9g\u00e9tation et cherchez \u00e0 voir toutes les petites b\u00eates qui habitent les lieux. l\u2019herbe.&nbsp;<strong>Ouvrez grand vos yeux et vos oreilles pour \u00eatre attentif \u00e0 ce qui vous entoure et mettez en marche vos cinq sens pour les \u00e9veiller<\/strong>.<\/p>\n\n\n\n<p>L\u2019avantage des sorties natures : Si vous \u00eates compl\u00e8tement seuls vous pourrez alors \u00e9viter de porter le masque afin de remplir vos poumons d\u2019air frais.&nbsp;<\/p>\n\n\n\n<p>Une fois connect\u00e9 a votre environnement vous pourrez commencer a photographier les animaux, les arbres, les paysages. N\u2019h\u00e9sitez pas a jouer avec diff\u00e9rents angles de prises de vue, les couleurs et les niveaux d\u2019expositions.&nbsp;<\/p>\n\n\n\n<p>Pour profitez pleinement de votre sortie nature et pouvoir vous connecter a votre environnement, nous vous recommandons d\u2019utiliser notre sangle CAMSTRAP.<\/p>\n\n\n\n<p>La sangle CAMSTRAP garantit votre&nbsp;<strong>bien-\u00eatre<\/strong>&nbsp;dans la mesure o\u00f9 le poids de votre appareil photo est r\u00e9parti de mani\u00e8re \u00e9gale sur vos \u00e9paules. Comme l\u2019appareil se positionne devant vous, vous pourrez immortaliser des sc\u00e8nes et des moments exceptionnels sans aucune difficult\u00e9 ! Pr\u00e9cisons que cette sangle appareil photo reflex nikon a \u00e9t\u00e9 pens\u00e9e par un&nbsp;<strong>masseur-kin\u00e9sith\u00e9rapeute<\/strong>&nbsp;qui exerce depuis plus de 30 ans. Son exp\u00e9rience lui a permis d\u2019imaginer une solution qui&nbsp;<strong>prot\u00e8ge contre les douleurs cervicales occasionn\u00e9es<\/strong>&nbsp;par les sangle appareil photo lumix, sangle appareil photo fnac et autres sangle appareil photo olympus classiques.<\/p>\n\n\n\n<figure class=\"wp-block-image\"><img decoding=\"async\" src=\"https:\/\/cdn.shopify.com\/s\/files\/1\/0075\/5109\/0759\/files\/photo_home_page_kerensanslesmains_480x480.jpg?v=1572711032\" alt=\"nature camstrap photographie\"\/><\/figure>\n\n\n\n<p><strong>L\u2019inconv\u00e9nient d\u2019une courroie de cou ou d\u2019\u00e9paule, c\u2019est qu\u2019elle cr\u00e9e rapidement des douleurs parce que le poids est concentr\u00e9 sur une seule partie de votre corps.&nbsp; ce qui n\u2019est pas le cas de CAMSTRAP.<\/strong><\/p>\n\n\n\n<p><strong>2- Les sorties urbaines&nbsp;<\/strong><\/p>\n\n\n\n<p><strong>Avec le port du masque et le besoin de se desinfecter les mains regulierement,&nbsp;&nbsp;CAMSTRAP vous permettra de pratiquer la photographie tout en ayant les mains libres.&nbsp;<\/strong><\/p>\n\n\n\n<figure class=\"wp-block-image\"><img decoding=\"async\" src=\"https:\/\/cdn.shopify.com\/s\/files\/1\/0075\/5109\/0759\/files\/tram-junction_480x480.jpg?v=1609327870\" alt=\"tramway junction photo jaune photoshop\"\/><\/figure>\n\n\n\n<p><strong>CAMSTRAP combine les avantages des sangles, courroies et dragonnes, sans les inconv\u00e9nients qui vont avec<\/strong>. Inspir\u00e9e par les&nbsp;<strong>voyages<\/strong>&nbsp;et la&nbsp;<strong>libert\u00e9<\/strong>, elle s\u2019enfile en seulement quelques secondes et prend ensuite l\u2019apparence d\u2019un harnais. Il est tout aussi facile de la retirer apr\u00e8s votre session photo. Avec cette&nbsp;<strong>sangle r\u00e9volutionnaire<\/strong>, vous gardez les&nbsp;<strong>deux mains libres<\/strong>&nbsp;pour un confort accru. Ajoutez \u00e0 cela que vous pouvez prendre des&nbsp;<strong>photos \u00e0 la vol\u00e9e<\/strong>&nbsp;rapidement, que ce soit en mode&nbsp;<strong>portrait ou paysage<\/strong>, avec ou sans tr\u00e9pied. C\u2019est un luxe offert par tr\u00e8s peu de courroie appareil photo corde standard.<\/p>\n\n\n\n<p>Vous pourrez donc vous balader dans les rues de votre ville et prendre des photos a la vol\u00e9e. Le COVID donne lieu a des prises de vues assez originales, il n\u2019est pas rare de voir des rues compl\u00e8tement d\u00e9sertes ou des magasins ferm\u00e9s ce qui permet par exemple de faire des photos en noir et blanc. Le rendu est assez interessant.&nbsp;<\/p>\n\n\n\n<figure class=\"wp-block-image\"><img decoding=\"async\" src=\"https:\/\/cdn.shopify.com\/s\/files\/1\/0075\/5109\/0759\/files\/5M2A8336-min_copy_480x480.jpg?v=1569095974\" alt=\"photo sangle camstrap\"\/><\/figure>\n\n\n\n<p>L\u2019achat d\u2019une sangle doit \u00eatre un investissement sur le moyen \u00e0 long terme. Oui mais il faut souvent y mettre le prix.&nbsp;<strong>A titre indicatif, une courroie appareil photo fnac co\u00fbte au-del\u00e0 de 50 euros<\/strong>&nbsp;si vous misez sur de la bonne qualit\u00e9. Les prix sont assez similaires si vous optez pour une sangle appareil photo nikon ou une sangle appareil photo canon.&nbsp;<strong>Pr\u00e9voyez entre 40 euros et plus de 110 euros pour une sangle appareil photo sony<\/strong>.&nbsp;<\/p>\n\n\n\n<p><strong>La CAMSTRAP offre un excellent rapport qualit\u00e9\/prix. Pour 35 euros, vous b\u00e9n\u00e9ficiez d\u2019une sangle en nato. Il s\u2019agit d\u2019un&nbsp;tissu haut de gamme, doubl\u00e9 sur les deux faces et qui pla\u00eet \u00e9norm\u00e9ment pour sa finesse. La production est 100% fran\u00e7aise, ce qui vous garantit un travail de qualit\u00e9 et des co\u00fbts r\u00e9duits gr\u00e2ce \u00e0 la proximit\u00e9 de l\u2019atelier.<\/strong><\/p>\n\n\n\n<p><strong>3- Autres activit\u00e9s photos a pratiquer durant le confinement<\/strong><\/p>\n\n\n\n<ul class=\"wp-block-list\"><li>Triez vos photos, supprimez les doublons, identifiez les meilleures pour faire des s\u00e9ries<\/li><li>Cr\u00e9ez des livres de photographies<\/li><li>R\u00e9organisez votre espace de travail<\/li><li>Triez votre mat\u00e9riel photo, nettoyez-le, red\u00e9couvrez ce que vous n\u2019utilisez plus<\/li><li>D\u00e9veloppez votre compte Instagram pour faire des d\u00e9couvertes et \u00e9changer avec d\u2019autres photographes<\/li><li>Formez-vous au post-traitement avec des logiciels tels Lightroom, Luminar, Photoshop\u2026<\/li><li>Testez le noir et blanc : le rendu est particuli\u00e8rement interessant en zone urbaine<\/li><\/ul>\n\n\n\n<figure class=\"wp-block-image\"><img decoding=\"async\" src=\"https:\/\/cdn.shopify.com\/s\/files\/1\/0075\/5109\/0759\/files\/5M2A8364-min_480x480.jpg?v=1568972841\" alt=\"photographie camstrap\"\/><\/figure>\n\n\n\n<p>Pour en savoir plus sur la sangle CAMSTRAP,&nbsp;<a href=\"https:\/\/cam-strap.com\/pages\/boutique\">cliquez ici pour visiter notre boutique<\/a><\/p>\n\n\n\n<figure class=\"wp-block-table\"><table><tbody><tr><td>Les Emails Quotidiens<\/td><\/tr><tr><td>\u2014 &nbsp; Nicolas&nbsp;Croce &nbsp;&nbsp;\u2014<\/td><\/tr><tr><td>&nbsp;<\/td><\/tr><tr><td><a rel=\"noreferrer noopener\" href=\"https:\/\/nicolascroce.lt.acemlnc.com\/Prod\/link-tracker?redirectUrl=aHR0cHMlM0ElMkYlMkZuaWNvbGFzY3JvY2UuY29tJTJGcHJlbmV6LWRlcy1waG90b3MtYXVzc2ktc291dmVudC1xdWUtcG9zc2libGUlMkY=&amp;a=90347964&amp;account=nicolascroce%2Eactivehosted%2Ecom&amp;email=%2FgFJjfGHlRBimAoTcehTcayPUFd7JHyq9acdSgULWaM%3D&amp;s=9bbefce8cc4b4c5504efa10cc07bdd69&amp;i=35A54A2A200\" target=\"_blank\">Prenez des photos aussi souvent que possible<\/a>D\u00e8s que vous sortez, et quoi que vous fassiez, prenez votre appareil photo avec vous, et servez-vous-en.L\u2019objectif de cet exercice, ou plut\u00f4t de cette habitude, est d\u2019entrainer votre \u0153il \u00e0 trouver des choses int\u00e9ressantes \u00e0 photographier dans des sc\u00e8nes banales du quotidien.Il est encore plus difficile \u2014&nbsp;et donc encore plus utile \u2014&nbsp;si vous vous trouvez dans un endroit que vous fr\u00e9quentez r\u00e9guli\u00e8rement et connaissez depuis longtemps.Hier par exemple, alors que je promenais mon chien, j\u2019en ai profit\u00e9 pour prendre quelques photos. La balade n\u2019a dur\u00e9 que 10 minutes, dans un endroit o\u00f9 il n\u2019y avait rien d\u2019exceptionnel, mais j\u2019avais mon appareil avec moi, et je m\u2019en suis servi.<br><br><img decoding=\"async\" width=\"650\" src=\"https:\/\/ci5.googleusercontent.com\/proxy\/gvuH_uwtEcdGwM3VXJaAXRkQWazbZRcmykdqONfX7f7MyFnW6wVZ5UtS8JF9Lhz4fPQ-qIpGz8bLrXwt4A8bAOUbF5XitIfGdPsrDWjq1Jv6Ku4nfNmbRnNSsziHx_1vbCoIV7bTLm0=s0-d-e1-ft#https:\/\/149407892.v2.pressablecdn.com\/wp-content\/uploads\/2020\/09\/00001_blog_photo.jpg\" alt=\"\"><img decoding=\"async\" width=\"650\" src=\"https:\/\/ci5.googleusercontent.com\/proxy\/6CkqG17OTCyfpD-mDNNfBvc4QLafi1acRARtEXo-IQ0hGLh9pLa9lkYWNbBQ10afjA-jn_Wnr7Tbj880Snc1v5R3Rbl5wzxtxzD-26UNEFWVSMJ1dsUd7LJRWJqYeua316jQbemrNZ4=s0-d-e1-ft#https:\/\/149407892.v2.pressablecdn.com\/wp-content\/uploads\/2020\/09\/00003_blog_photo.jpg\" alt=\"\"><img decoding=\"async\" width=\"650\" src=\"https:\/\/ci6.googleusercontent.com\/proxy\/f1-kC92XhPhJ0faqNKPQZz1mc6HIzufNTIGRxzIpVrw1Mhw_NfMiekMH_lCtd_5nMRsgQq0JjSR7Kdpp2M3pM4P2ceZi1ArikHJUx3exbbJ_fOwMjzOno8JQvjYBlNcc8rLYV3ZBgqY=s0-d-e1-ft#https:\/\/149407892.v2.pressablecdn.com\/wp-content\/uploads\/2020\/09\/00002_blog_photo.jpg\" alt=\"\">En plus d\u2019entrainer votre \u0153il, cette habitude vous apprendra \u00e0 voir du beau dans les sc\u00e8nes banales du quotidien. Apr\u00e8s quelque temps, vous serez capable de vous \u00e9merveiller l\u00e0 o\u00f9 le reste des humains \u00ab&nbsp;normaux&nbsp;\u00bb ne font que passer sans m\u00eame ralentir.Et si vous pensez que cet exercice n\u2019est bon que pour les d\u00e9butants, vous vous trompez.\u00ab&nbsp;Since I began photographing in 1962, I have carried my Leica with me every day of my life, and I generally make photographs every day, but of course, there are days I don\u2019t see anything that speaks to me. So I wanted to push myself while living in these new European conditions, to try and see something of interest in the most quotidian moments of daily life. I basically said to myself, \u201clet nothing happen without considering it an opportunity to see freshly what I think I already know.&nbsp;\u00bb \u2014 Joel Meyerowitz(Traduction : Depuis que j\u2019ai commenc\u00e9 la photographie en 1962, j\u2019emporte toujours mon Leica avec moi, et en g\u00e9n\u00e9ral je prends des photos tous les jours. Bien sur, il y a des jours o\u00f9 rien de ce que je vois ne me parle. J\u2019ai donc voulu me forcer, alors que je d\u00e9couvrais cette nouvelle vie en Europe, \u00e0 voir quelque chose d\u2019int\u00e9ressant dans les moments les plus banals de ma vie quotidienne. En clair, je me suis dit : \u00ab&nbsp;Ne laisse rien passer sans le consid\u00e9rer comme une opportunit\u00e9 de voir avec un \u0153il nouveau ce que tu crois d\u00e9j\u00e0 connaitre.&nbsp;\u00bb)Joel Meyerowitz est l\u2019un des plus grands noms de la photo. Il a \u00e9crit cette phrase le premier janvier 2015, alors qu\u2019il d\u00e9marrait son blog,&nbsp;<a rel=\"noreferrer noopener\" href=\"https:\/\/nicolascroce.lt.acemlnc.com\/Prod\/link-tracker?redirectUrl=aHR0cHMlM0ElMkYlMkZvbmNlbW9yZWFyb3VuZHRoZXN1bi5jb20lMkY=&amp;a=90347964&amp;account=nicolascroce%2Eactivehosted%2Ecom&amp;email=%2FgFJjfGHlRBimAoTcehTcayPUFd7JHyq9acdSgULWaM%3D&amp;s=9bbefce8cc4b4c5504efa10cc07bdd69&amp;i=35A54A2A201\" target=\"_blank\">Once More Around The Sun<\/a>, sur lequel il a post\u00e9 une photo ou plus pendant un an.<strong>\u2014 Nicolas<\/strong><\/td><\/tr><\/tbody><\/table><\/figure>\n\n\n\n<p>Cliquez ci- contre : <a rel=\"noreferrer noopener\" href=\"https:\/\/nicolascroce.lt.acemlnc.com\/Prod\/link-tracker?redirectUrl=aHR0cHMlM0ElMkYlMkZvbmNlbW9yZWFyb3VuZHRoZXN1bi5jb20lMkY=&amp;a=90347964&amp;account=nicolascroce%2Eactivehosted%2Ecom&amp;email=%2FgFJjfGHlRBimAoTcehTcayPUFd7JHyq9acdSgULWaM%3D&amp;s=9bbefce8cc4b4c5504efa10cc07bdd69&amp;i=35A54A2A201\" target=\"_blank\">Once More Around The Sun<\/a><\/p>\n","protected":false},"excerpt":{"rendered":"<p>30 D\u00c9CEMBRE, 2020 Faire de la photographie durant le confinement avec CAMSTRAP, randonn\u00e9es et ballades dans la nature ou en ville Comment pr\u00e9voir vos sorties photos durant le confinement ou couvre-feu?&nbsp; La COVID a rendu beaucoup plus contraignantes les possibilit\u00e9s de faire des sorties photos, heureusement, avec l\u2019arriv\u00e9e du vaccin et en respectant les mesures [&hellip;]<\/p>\n","protected":false},"author":1,"featured_media":0,"parent":0,"menu_order":0,"comment_status":"closed","ping_status":"closed","template":"","meta":{"_bbp_topic_count":0,"_bbp_reply_count":0,"_bbp_total_topic_count":0,"_bbp_total_reply_count":0,"_bbp_voice_count":0,"_bbp_anonymous_reply_count":0,"_bbp_topic_count_hidden":0,"_bbp_reply_count_hidden":0,"_bbp_forum_subforum_count":0,"om_disable_all_campaigns":false,"_monsterinsights_skip_tracking":false,"_monsterinsights_sitenote_active":false,"_monsterinsights_sitenote_note":"","_monsterinsights_sitenote_category":0,"_uf_show_specific_survey":0,"_uf_disable_surveys":false,"footnotes":""},"class_list":["post-2135","page","type-page","status-publish","hentry"],"aioseo_notices":[],"_links":{"self":[{"href":"https:\/\/www.cpcm03.fr\/index.php?rest_route=\/wp\/v2\/pages\/2135","targetHints":{"allow":["GET"]}}],"collection":[{"href":"https:\/\/www.cpcm03.fr\/index.php?rest_route=\/wp\/v2\/pages"}],"about":[{"href":"https:\/\/www.cpcm03.fr\/index.php?rest_route=\/wp\/v2\/types\/page"}],"author":[{"embeddable":true,"href":"https:\/\/www.cpcm03.fr\/index.php?rest_route=\/wp\/v2\/users\/1"}],"replies":[{"embeddable":true,"href":"https:\/\/www.cpcm03.fr\/index.php?rest_route=%2Fwp%2Fv2%2Fcomments&post=2135"}],"version-history":[{"count":4,"href":"https:\/\/www.cpcm03.fr\/index.php?rest_route=\/wp\/v2\/pages\/2135\/revisions"}],"predecessor-version":[{"id":2318,"href":"https:\/\/www.cpcm03.fr\/index.php?rest_route=\/wp\/v2\/pages\/2135\/revisions\/2318"}],"wp:attachment":[{"href":"https:\/\/www.cpcm03.fr\/index.php?rest_route=%2Fwp%2Fv2%2Fmedia&parent=2135"}],"curies":[{"name":"wp","href":"https:\/\/api.w.org\/{rel}","templated":true}]}}