{"id":2320,"date":"2021-01-09T10:52:33","date_gmt":"2021-01-09T09:52:33","guid":{"rendered":"http:\/\/www.cpcm03.fr\/?page_id=2320"},"modified":"2024-11-24T21:07:56","modified_gmt":"2024-11-24T20:07:56","slug":"on-aime-ces-liens","status":"publish","type":"page","link":"https:\/\/www.cpcm03.fr\/?page_id=2320","title":{"rendered":"On aime ces liens"},"content":{"rendered":"\n<figure class=\"wp-block-image\"><a href=\"https:\/\/www.lamontagne.fr\/\"><img loading=\"lazy\" decoding=\"async\" width=\"400\" height=\"123\" src=\"http:\/\/www.cpcm03.fr\/wp-content\/uploads\/2021\/10\/logo-La-Montagne.jpg\" alt=\"\" class=\"wp-image-3986\" srcset=\"https:\/\/www.cpcm03.fr\/wp-content\/uploads\/2021\/10\/logo-La-Montagne.jpg 400w, https:\/\/www.cpcm03.fr\/wp-content\/uploads\/2021\/10\/logo-La-Montagne-300x92.jpg 300w\" sizes=\"auto, (max-width: 400px) 100vw, 400px\" \/><\/a><\/figure>\n\n\n\n<figure class=\"wp-block-image\"><a href=\"https:\/\/www.lasemainedelallier.fr\/\"><img loading=\"lazy\" decoding=\"async\" width=\"434\" height=\"116\" src=\"http:\/\/www.cpcm03.fr\/wp-content\/uploads\/2021\/10\/Semaine-de-lAllier.jpg\" alt=\"\" class=\"wp-image-3987\" srcset=\"https:\/\/www.cpcm03.fr\/wp-content\/uploads\/2021\/10\/Semaine-de-lAllier.jpg 434w, https:\/\/www.cpcm03.fr\/wp-content\/uploads\/2021\/10\/Semaine-de-lAllier-300x80.jpg 300w\" sizes=\"auto, (max-width: 434px) 100vw, 434px\" \/><\/a><\/figure>\n\n\n\n<p><a href=\"https:\/\/www.cpcm03.fr\/wp-admin\/post.php?post=682&amp;action=edit\">Modifier<\/a><\/p>\n\n\n\n<p><strong>Liste de liens de clubs photo amis ( non exhaustive)&nbsp;<\/strong>et autres :<\/p>\n\n\n\n<p><strong><a href=\"https:\/\/www.facebook.com\/p\/Club-Photo-de-Felletin-100057123233108\/\" data-type=\"link\" data-id=\"https:\/\/www.facebook.com\/p\/Club-Photo-de-Felletin-100057123233108\/\">Club Photo de Felletin <\/a><\/strong><\/p>\n\n\n\n<p><a rel=\"noreferrer noopener\" href=\"https:\/\/photoclubbruerois.wordpress.com\/\" target=\"_blank\">Bru\u00e8re-Allichamps Photo Club Bru\u00e8rois<\/a><\/p>\n\n\n\n<p><strong><a rel=\"noreferrer noopener\" href=\"https:\/\/www.facebook.com\/echassimages03\/\" target=\"_blank\">Echassi\u00e8res \u2013 Echass\u2019IMAGES 03 (facebook)<\/a><\/strong><\/p>\n\n\n\n<p><strong><a rel=\"noreferrer noopener\" href=\"https:\/\/epnature.com\/\" target=\"_blank\">Egletons &nbsp;\u2013 Egletons Photo<\/a><\/strong><\/p>\n\n\n\n<p><strong><a rel=\"noreferrer noopener\" href=\"https:\/\/epnature.com\/\" target=\"_blank\">Nature<\/a><a rel=\"noreferrer noopener\" href=\"http:\/\/numerid.fr\/\" target=\"_blank\">Montvicq &nbsp;\u2013 Numer\u2019ID<\/a><\/strong><\/p>\n\n\n\n<p><strong><a rel=\"noreferrer noopener\" href=\"http:\/\/www.photoclubperignat-allier.com\/\" target=\"_blank\">P\u00e9rignat sur Allier \u2013 Club photo de P\u00e9rignat-sur-Allier<\/a><\/strong><\/p>\n\n\n\n<p><strong><a rel=\"noreferrer noopener\" href=\"http:\/\/alvallonensully.izihost.com\/photo_club_120.htm\" target=\"_blank\">Vallon en Sully \u2013 Photo Club Vallon en Sully (argentique)<\/a><\/strong><\/p>\n\n\n\n<p><strong><a rel=\"noreferrer noopener\" href=\"https:\/\/www.facebook.com\/clubphotocysl\/\" target=\"_blank\">Yzeure \u2013 Yzeure CYSL Photo &nbsp;(facebook) &nbsp;<\/a><\/strong><\/p>\n\n\n\n<p>Une photo par jour !!!<\/p>\n\n\n\n<p><a href=\"https:\/\/unephotoparjour.ch\/\">https:\/\/unephotoparjour.ch\/<\/a><\/p>\n\n\n\n<p><\/p>\n\n\n\n<p>Nature Photographie \u00a0\u00bb Superbe lien \u00ab\u00a0<\/p>\n\n\n\n<p><a href=\"https:\/\/www.naturephotographie.com\/\">https:\/\/www.naturephotographie.com\/<\/a><\/p>\n","protected":false},"excerpt":{"rendered":"<p>Modifier Liste de liens de clubs photo amis ( non exhaustive)&nbsp;et autres : Club Photo de Felletin Bru\u00e8re-Allichamps Photo Club Bru\u00e8rois Echassi\u00e8res \u2013 Echass\u2019IMAGES 03 (facebook) Egletons &nbsp;\u2013 Egletons Photo NatureMontvicq &nbsp;\u2013 Numer\u2019ID P\u00e9rignat sur Allier \u2013 Club photo de P\u00e9rignat-sur-Allier Vallon en Sully \u2013 Photo Club Vallon en Sully (argentique) Yzeure \u2013 Yzeure CYSL [&hellip;]<\/p>\n","protected":false},"author":1,"featured_media":0,"parent":0,"menu_order":0,"comment_status":"closed","ping_status":"closed","template":"","meta":{"_bbp_topic_count":0,"_bbp_reply_count":0,"_bbp_total_topic_count":0,"_bbp_total_reply_count":0,"_bbp_voice_count":0,"_bbp_anonymous_reply_count":0,"_bbp_topic_count_hidden":0,"_bbp_reply_count_hidden":0,"_bbp_forum_subforum_count":0,"om_disable_all_campaigns":false,"_monsterinsights_skip_tracking":false,"_monsterinsights_sitenote_active":false,"_monsterinsights_sitenote_note":"","_monsterinsights_sitenote_category":0,"_uf_show_specific_survey":0,"_uf_disable_surveys":false,"footnotes":""},"class_list":["post-2320","page","type-page","status-publish","hentry"],"aioseo_notices":[],"_links":{"self":[{"href":"https:\/\/www.cpcm03.fr\/index.php?rest_route=\/wp\/v2\/pages\/2320","targetHints":{"allow":["GET"]}}],"collection":[{"href":"https:\/\/www.cpcm03.fr\/index.php?rest_route=\/wp\/v2\/pages"}],"about":[{"href":"https:\/\/www.cpcm03.fr\/index.php?rest_route=\/wp\/v2\/types\/page"}],"author":[{"embeddable":true,"href":"https:\/\/www.cpcm03.fr\/index.php?rest_route=\/wp\/v2\/users\/1"}],"replies":[{"embeddable":true,"href":"https:\/\/www.cpcm03.fr\/index.php?rest_route=%2Fwp%2Fv2%2Fcomments&post=2320"}],"version-history":[{"count":10,"href":"https:\/\/www.cpcm03.fr\/index.php?rest_route=\/wp\/v2\/pages\/2320\/revisions"}],"predecessor-version":[{"id":6296,"href":"https:\/\/www.cpcm03.fr\/index.php?rest_route=\/wp\/v2\/pages\/2320\/revisions\/6296"}],"wp:attachment":[{"href":"https:\/\/www.cpcm03.fr\/index.php?rest_route=%2Fwp%2Fv2%2Fmedia&parent=2320"}],"curies":[{"name":"wp","href":"https:\/\/api.w.org\/{rel}","templated":true}]}}

<figure class="wp-block-image"><a href="https://www.lamontagne.fr/"><img loading="lazy" decoding="async" width="400" height="123" src="http://www.cpcm03.fr/wp-content/uploads/2021/10/logo-La-Montagne.jpg" alt="" class="wp-image-3986" srcset="https://www.cpcm03.fr/wp-content/uploads/2021/10/logo-La-Montagne.jpg 400w, https://www.cpcm03.fr/wp-content/uploads/2021/10/logo-La-Montagne-300x92.jpg 300w" sizes="auto, (max-width: 400px) 100vw, 400px" /></a></figure>



<figure class="wp-block-image"><a href="https://www.lasemainedelallier.fr/"><img loading="lazy" decoding="async" width="434" height="116" src="http://www.cpcm03.fr/wp-content/uploads/2021/10/Semaine-de-lAllier.jpg" alt="" class="wp-image-3987" srcset="https://www.cpcm03.fr/wp-content/uploads/2021/10/Semaine-de-lAllier.jpg 434w, https://www.cpcm03.fr/wp-content/uploads/2021/10/Semaine-de-lAllier-300x80.jpg 300w" sizes="auto, (max-width: 434px) 100vw, 434px" /></a></figure>



<p><a href="https://www.cpcm03.fr/wp-admin/post.php?post=682&amp;action=edit">Modifier</a></p>



<p><strong>Liste de liens de clubs photo amis ( non exhaustive)&nbsp;</strong>et autres :</p>



<p><strong><a href="https://www.facebook.com/p/Club-Photo-de-Felletin-100057123233108/" data-type="link" data-id="https://www.facebook.com/p/Club-Photo-de-Felletin-100057123233108/">Club Photo de Felletin </a></strong></p>



<p><a rel="noreferrer noopener" href="https://photoclubbruerois.wordpress.com/" target="_blank">Bruère-Allichamps Photo Club Bruèrois</a></p>



<p><strong><a rel="noreferrer noopener" href="https://www.facebook.com/echassimages03/" target="_blank">Echassières – Echass’IMAGES 03 (facebook)</a></strong></p>



<p><strong><a rel="noreferrer noopener" href="https://epnature.com/" target="_blank">Egletons &nbsp;– Egletons Photo</a></strong></p>



<p><strong><a rel="noreferrer noopener" href="https://epnature.com/" target="_blank">Nature</a><a rel="noreferrer noopener" href="http://numerid.fr/" target="_blank">Montvicq &nbsp;– Numer’ID</a></strong></p>



<p><strong><a rel="noreferrer noopener" href="http://www.photoclubperignat-allier.com/" target="_blank">Pérignat sur Allier – Club photo de Pérignat-sur-Allier</a></strong></p>



<p><strong><a rel="noreferrer noopener" href="http://alvallonensully.izihost.com/photo_club_120.htm" target="_blank">Vallon en Sully – Photo Club Vallon en Sully (argentique)</a></strong></p>



<p><strong><a rel="noreferrer noopener" href="https://www.facebook.com/clubphotocysl/" target="_blank">Yzeure – Yzeure CYSL Photo &nbsp;(facebook) &nbsp;</a></strong></p>



<p>Une photo par jour !!!</p>



<p><a href="https://unephotoparjour.ch/">https://unephotoparjour.ch/</a></p>



<p></p>



<p>Nature Photographie  » Superbe lien « </p>



<p><a href="https://www.naturephotographie.com/">https://www.naturephotographie.com/</a></p>

<p>Modifier Liste de liens de clubs photo amis ( non exhaustive)&nbsp;et autres : Club Photo de Felletin Bruère-Allichamps Photo Club Bruèrois Echassières – Echass’IMAGES 03 (facebook) Egletons &nbsp;– Egletons Photo NatureMontvicq &nbsp;– Numer’ID Pérignat sur Allier – Club photo de Pérignat-sur-Allier Vallon en Sully – Photo Club Vallon en Sully (argentique) Yzeure – Yzeure CYSL [&hellip;]</p>
