{"id":2945,"date":"2021-03-08T20:57:27","date_gmt":"2021-03-08T19:57:27","guid":{"rendered":"http:\/\/www.cpcm03.fr\/?page_id=2945"},"modified":"2021-03-08T21:26:26","modified_gmt":"2021-03-08T20:26:26","slug":"serie-de-gilles-2","status":"publish","type":"page","link":"https:\/\/www.cpcm03.fr\/?page_id=2945","title":{"rendered":"S\u00e9rie 2 de Gilles"},"content":{"rendered":"\n<p class=\"has-text-align-center\">S\u00e9rie &lt; Plumes &gt; de Gilles<\/p>\n\n\n\n<figure class=\"wp-block-image size-large\"><img loading=\"lazy\" decoding=\"async\" width=\"800\" height=\"533\" src=\"http:\/\/www.cpcm03.fr\/wp-content\/uploads\/2021\/03\/Gilles-Aigrette-Garzette-800x533.jpg\" alt=\"\" class=\"wp-image-2950\" srcset=\"https:\/\/www.cpcm03.fr\/wp-content\/uploads\/2021\/03\/Gilles-Aigrette-Garzette-800x533.jpg 800w, https:\/\/www.cpcm03.fr\/wp-content\/uploads\/2021\/03\/Gilles-Aigrette-Garzette-300x200.jpg 300w, https:\/\/www.cpcm03.fr\/wp-content\/uploads\/2021\/03\/Gilles-Aigrette-Garzette-768x512.jpg 768w, https:\/\/www.cpcm03.fr\/wp-content\/uploads\/2021\/03\/Gilles-Aigrette-Garzette.jpg 900w\" sizes=\"auto, (max-width: 800px) 100vw, 800px\" \/><figcaption>Aigrette Garzette<\/figcaption><\/figure>\n\n\n\n<figure class=\"wp-block-image size-large\"><img loading=\"lazy\" decoding=\"async\" width=\"800\" height=\"500\" src=\"http:\/\/www.cpcm03.fr\/wp-content\/uploads\/2021\/03\/Gilles-Avocette-\u00c9l\u00e9gante-800x500.jpg\" alt=\"\" class=\"wp-image-2952\" srcset=\"https:\/\/www.cpcm03.fr\/wp-content\/uploads\/2021\/03\/Gilles-Avocette-\u00c9l\u00e9gante-800x500.jpg 800w, https:\/\/www.cpcm03.fr\/wp-content\/uploads\/2021\/03\/Gilles-Avocette-\u00c9l\u00e9gante-300x188.jpg 300w, https:\/\/www.cpcm03.fr\/wp-content\/uploads\/2021\/03\/Gilles-Avocette-\u00c9l\u00e9gante-768x480.jpg 768w, https:\/\/www.cpcm03.fr\/wp-content\/uploads\/2021\/03\/Gilles-Avocette-\u00c9l\u00e9gante.jpg 900w\" sizes=\"auto, (max-width: 800px) 100vw, 800px\" \/><figcaption>Avocette \u00e9l\u00e9gante<\/figcaption><\/figure>\n\n\n\n<figure class=\"wp-block-image size-large\"><img loading=\"lazy\" decoding=\"async\" width=\"800\" height=\"500\" src=\"http:\/\/www.cpcm03.fr\/wp-content\/uploads\/2021\/03\/Gilles-B\u00e9casseau-Sanderling-2-800x500.jpg\" alt=\"\" class=\"wp-image-2954\" srcset=\"https:\/\/www.cpcm03.fr\/wp-content\/uploads\/2021\/03\/Gilles-B\u00e9casseau-Sanderling-2-800x500.jpg 800w, https:\/\/www.cpcm03.fr\/wp-content\/uploads\/2021\/03\/Gilles-B\u00e9casseau-Sanderling-2-300x188.jpg 300w, https:\/\/www.cpcm03.fr\/wp-content\/uploads\/2021\/03\/Gilles-B\u00e9casseau-Sanderling-2-768x480.jpg 768w, https:\/\/www.cpcm03.fr\/wp-content\/uploads\/2021\/03\/Gilles-B\u00e9casseau-Sanderling-2.jpg 900w\" sizes=\"auto, (max-width: 800px) 100vw, 800px\" \/><figcaption>B\u00e9casseau Sanderling<\/figcaption><\/figure>\n\n\n\n<figure class=\"wp-block-image size-large\"><img loading=\"lazy\" decoding=\"async\" width=\"800\" height=\"533\" src=\"http:\/\/www.cpcm03.fr\/wp-content\/uploads\/2021\/03\/Gilles-Flamands-Rose-800x533.jpg\" alt=\"\" class=\"wp-image-2955\" srcset=\"https:\/\/www.cpcm03.fr\/wp-content\/uploads\/2021\/03\/Gilles-Flamands-Rose-800x533.jpg 800w, https:\/\/www.cpcm03.fr\/wp-content\/uploads\/2021\/03\/Gilles-Flamands-Rose-300x200.jpg 300w, https:\/\/www.cpcm03.fr\/wp-content\/uploads\/2021\/03\/Gilles-Flamands-Rose-768x512.jpg 768w, https:\/\/www.cpcm03.fr\/wp-content\/uploads\/2021\/03\/Gilles-Flamands-Rose.jpg 900w\" sizes=\"auto, (max-width: 800px) 100vw, 800px\" \/><figcaption>Flamants roses<\/figcaption><\/figure>\n\n\n\n<figure class=\"wp-block-image size-large\"><img loading=\"lazy\" decoding=\"async\" width=\"800\" height=\"500\" src=\"http:\/\/www.cpcm03.fr\/wp-content\/uploads\/2021\/03\/Gilles-Grande-Aigrette-800x500.jpg\" alt=\"\" class=\"wp-image-2956\" srcset=\"https:\/\/www.cpcm03.fr\/wp-content\/uploads\/2021\/03\/Gilles-Grande-Aigrette-800x500.jpg 800w, https:\/\/www.cpcm03.fr\/wp-content\/uploads\/2021\/03\/Gilles-Grande-Aigrette-300x188.jpg 300w, https:\/\/www.cpcm03.fr\/wp-content\/uploads\/2021\/03\/Gilles-Grande-Aigrette-768x480.jpg 768w, https:\/\/www.cpcm03.fr\/wp-content\/uploads\/2021\/03\/Gilles-Grande-Aigrette.jpg 900w\" sizes=\"auto, (max-width: 800px) 100vw, 800px\" \/><figcaption>Grande Aigrette<\/figcaption><\/figure>\n\n\n\n<figure class=\"wp-block-image size-large\"><img loading=\"lazy\" decoding=\"async\" width=\"800\" height=\"556\" src=\"http:\/\/www.cpcm03.fr\/wp-content\/uploads\/2021\/03\/S\u00e9rie-Gilles-Gr\u00e8be-hupp\u00e9e-800x556.jpg\" alt=\"\" class=\"wp-image-2961\" srcset=\"https:\/\/www.cpcm03.fr\/wp-content\/uploads\/2021\/03\/S\u00e9rie-Gilles-Gr\u00e8be-hupp\u00e9e-800x556.jpg 800w, https:\/\/www.cpcm03.fr\/wp-content\/uploads\/2021\/03\/S\u00e9rie-Gilles-Gr\u00e8be-hupp\u00e9e-300x208.jpg 300w, https:\/\/www.cpcm03.fr\/wp-content\/uploads\/2021\/03\/S\u00e9rie-Gilles-Gr\u00e8be-hupp\u00e9e-768x533.jpg 768w, https:\/\/www.cpcm03.fr\/wp-content\/uploads\/2021\/03\/S\u00e9rie-Gilles-Gr\u00e8be-hupp\u00e9e.jpg 900w\" sizes=\"auto, (max-width: 800px) 100vw, 800px\" \/><figcaption>Gr\u00e8be hupp\u00e9e<\/figcaption><\/figure>\n\n\n\n<figure class=\"wp-block-image size-large\"><img loading=\"lazy\" decoding=\"async\" width=\"800\" height=\"500\" src=\"http:\/\/www.cpcm03.fr\/wp-content\/uploads\/2021\/03\/S\u00e9rie-Grand-Cormoran-800x500.jpg\" alt=\"\" class=\"wp-image-2963\" srcset=\"https:\/\/www.cpcm03.fr\/wp-content\/uploads\/2021\/03\/S\u00e9rie-Grand-Cormoran-800x500.jpg 800w, https:\/\/www.cpcm03.fr\/wp-content\/uploads\/2021\/03\/S\u00e9rie-Grand-Cormoran-300x188.jpg 300w, https:\/\/www.cpcm03.fr\/wp-content\/uploads\/2021\/03\/S\u00e9rie-Grand-Cormoran-768x480.jpg 768w, https:\/\/www.cpcm03.fr\/wp-content\/uploads\/2021\/03\/S\u00e9rie-Grand-Cormoran.jpg 900w\" sizes=\"auto, (max-width: 800px) 100vw, 800px\" \/><figcaption>Grand Cormoran<\/figcaption><\/figure>\n\n\n\n<figure class=\"wp-block-image size-large\"><img loading=\"lazy\" decoding=\"async\" width=\"800\" height=\"500\" src=\"http:\/\/www.cpcm03.fr\/wp-content\/uploads\/2021\/03\/S\u00e9rie-Gravelot-\u00e0-colier-interrompu-1-800x500.jpg\" alt=\"\" class=\"wp-image-2964\" srcset=\"https:\/\/www.cpcm03.fr\/wp-content\/uploads\/2021\/03\/S\u00e9rie-Gravelot-\u00e0-colier-interrompu-1-800x500.jpg 800w, https:\/\/www.cpcm03.fr\/wp-content\/uploads\/2021\/03\/S\u00e9rie-Gravelot-\u00e0-colier-interrompu-1-300x188.jpg 300w, https:\/\/www.cpcm03.fr\/wp-content\/uploads\/2021\/03\/S\u00e9rie-Gravelot-\u00e0-colier-interrompu-1-768x480.jpg 768w, https:\/\/www.cpcm03.fr\/wp-content\/uploads\/2021\/03\/S\u00e9rie-Gravelot-\u00e0-colier-interrompu-1.jpg 900w\" sizes=\"auto, (max-width: 800px) 100vw, 800px\" \/><figcaption>Gravelot \u00e0 collier interrompu<\/figcaption><\/figure>\n\n\n\n<figure class=\"wp-block-image size-large\"><img loading=\"lazy\" decoding=\"async\" width=\"800\" height=\"533\" src=\"http:\/\/www.cpcm03.fr\/wp-content\/uploads\/2021\/03\/Gilles-B\u00e9casseau-Sanderling-800x533.jpg\" alt=\"\" class=\"wp-image-2971\" srcset=\"https:\/\/www.cpcm03.fr\/wp-content\/uploads\/2021\/03\/Gilles-B\u00e9casseau-Sanderling-800x533.jpg 800w, https:\/\/www.cpcm03.fr\/wp-content\/uploads\/2021\/03\/Gilles-B\u00e9casseau-Sanderling-300x200.jpg 300w, https:\/\/www.cpcm03.fr\/wp-content\/uploads\/2021\/03\/Gilles-B\u00e9casseau-Sanderling-768x512.jpg 768w, https:\/\/www.cpcm03.fr\/wp-content\/uploads\/2021\/03\/Gilles-B\u00e9casseau-Sanderling.jpg 900w\" sizes=\"auto, (max-width: 800px) 100vw, 800px\" \/><figcaption><em>B\u00e9casseau Sanderling<\/em><\/figcaption><\/figure>\n","protected":false},"excerpt":{"rendered":"<p>S\u00e9rie &lt; Plumes &gt; de Gilles<\/p>\n","protected":false},"author":1,"featured_media":0,"parent":0,"menu_order":0,"comment_status":"closed","ping_status":"closed","template":"","meta":{"_bbp_topic_count":0,"_bbp_reply_count":0,"_bbp_total_topic_count":0,"_bbp_total_reply_count":0,"_bbp_voice_count":0,"_bbp_anonymous_reply_count":0,"_bbp_topic_count_hidden":0,"_bbp_reply_count_hidden":0,"_bbp_forum_subforum_count":0,"om_disable_all_campaigns":false,"_monsterinsights_skip_tracking":false,"_monsterinsights_sitenote_active":false,"_monsterinsights_sitenote_note":"","_monsterinsights_sitenote_category":0,"_uf_show_specific_survey":0,"_uf_disable_surveys":false,"footnotes":""},"class_list":["post-2945","page","type-page","status-publish","hentry"],"aioseo_notices":[],"_links":{"self":[{"href":"https:\/\/www.cpcm03.fr\/index.php?rest_route=\/wp\/v2\/pages\/2945","targetHints":{"allow":["GET"]}}],"collection":[{"href":"https:\/\/www.cpcm03.fr\/index.php?rest_route=\/wp\/v2\/pages"}],"about":[{"href":"https:\/\/www.cpcm03.fr\/index.php?rest_route=\/wp\/v2\/types\/page"}],"author":[{"embeddable":true,"href":"https:\/\/www.cpcm03.fr\/index.php?rest_route=\/wp\/v2\/users\/1"}],"replies":[{"embeddable":true,"href":"https:\/\/www.cpcm03.fr\/index.php?rest_route=%2Fwp%2Fv2%2Fcomments&post=2945"}],"version-history":[{"count":7,"href":"https:\/\/www.cpcm03.fr\/index.php?rest_route=\/wp\/v2\/pages\/2945\/revisions"}],"predecessor-version":[{"id":2973,"href":"https:\/\/www.cpcm03.fr\/index.php?rest_route=\/wp\/v2\/pages\/2945\/revisions\/2973"}],"wp:attachment":[{"href":"https:\/\/www.cpcm03.fr\/index.php?rest_route=%2Fwp%2Fv2%2Fmedia&parent=2945"}],"curies":[{"name":"wp","href":"https:\/\/api.w.org\/{rel}","templated":true}]}}