{"id":699,"date":"2020-06-01T12:36:18","date_gmt":"2020-06-01T10:36:18","guid":{"rendered":"http:\/\/www.cpcm03.fr\/?page_id=699"},"modified":"2020-11-11T14:19:57","modified_gmt":"2020-11-11T13:19:57","slug":"antoine","status":"publish","type":"page","link":"https:\/\/www.cpcm03.fr\/?page_id=699","title":{"rendered":"Antoine 10 photos"},"content":{"rendered":"\n<figure class=\"wp-block-image size-large\"><img loading=\"lazy\" decoding=\"async\" width=\"800\" height=\"596\" src=\"http:\/\/www.cpcm03.fr\/wp-content\/uploads\/2020\/06\/Ch\u00e2teau-Duc-de-Bourbon-153617-site--800x596.jpg\" alt=\"\" class=\"wp-image-1890\" srcset=\"https:\/\/www.cpcm03.fr\/wp-content\/uploads\/2020\/06\/Ch\u00e2teau-Duc-de-Bourbon-153617-site--800x596.jpg 800w, https:\/\/www.cpcm03.fr\/wp-content\/uploads\/2020\/06\/Ch\u00e2teau-Duc-de-Bourbon-153617-site--300x224.jpg 300w, https:\/\/www.cpcm03.fr\/wp-content\/uploads\/2020\/06\/Ch\u00e2teau-Duc-de-Bourbon-153617-site--768x573.jpg 768w, https:\/\/www.cpcm03.fr\/wp-content\/uploads\/2020\/06\/Ch\u00e2teau-Duc-de-Bourbon-153617-site-.jpg 900w\" sizes=\"auto, (max-width: 800px) 100vw, 800px\" \/><figcaption>Ch\u00e2teau des ducs de Bourbon \u00e0 Montlu\u00e7on<\/figcaption><\/figure>\n\n\n\n<div class=\"wp-block-image\"><figure class=\"aligncenter size-large\"><img loading=\"lazy\" decoding=\"async\" width=\"529\" height=\"800\" src=\"http:\/\/www.cpcm03.fr\/wp-content\/uploads\/2020\/11\/Minette-site-DSC_0675-529x800.jpg\" alt=\"\" class=\"wp-image-2197\" srcset=\"https:\/\/www.cpcm03.fr\/wp-content\/uploads\/2020\/11\/Minette-site-DSC_0675-529x800.jpg 529w, https:\/\/www.cpcm03.fr\/wp-content\/uploads\/2020\/11\/Minette-site-DSC_0675-198x300.jpg 198w, https:\/\/www.cpcm03.fr\/wp-content\/uploads\/2020\/11\/Minette-site-DSC_0675.jpg 595w\" sizes=\"auto, (max-width: 529px) 100vw, 529px\" \/><figcaption>Maine Coon adorable, elle baille.<\/figcaption><\/figure><\/div>\n\n\n\n<figure class=\"wp-block-image size-large\"><img loading=\"lazy\" decoding=\"async\" width=\"800\" height=\"600\" src=\"http:\/\/www.cpcm03.fr\/wp-content\/uploads\/2020\/06\/Pissenlit-Galerie-P1290932-800x600.jpg\" alt=\"\" class=\"wp-image-1861\" srcset=\"https:\/\/www.cpcm03.fr\/wp-content\/uploads\/2020\/06\/Pissenlit-Galerie-P1290932-800x600.jpg 800w, https:\/\/www.cpcm03.fr\/wp-content\/uploads\/2020\/06\/Pissenlit-Galerie-P1290932-300x225.jpg 300w, https:\/\/www.cpcm03.fr\/wp-content\/uploads\/2020\/06\/Pissenlit-Galerie-P1290932-768x576.jpg 768w, https:\/\/www.cpcm03.fr\/wp-content\/uploads\/2020\/06\/Pissenlit-Galerie-P1290932.jpg 900w\" sizes=\"auto, (max-width: 800px) 100vw, 800px\" \/><figcaption>Pissenlit<\/figcaption><\/figure>\n\n\n\n<figure class=\"wp-block-image size-large\"><img loading=\"lazy\" decoding=\"async\" width=\"800\" height=\"531\" src=\"http:\/\/www.cpcm03.fr\/wp-content\/uploads\/2020\/06\/Antoine-Bourgeon-DSC_0342-800x531.jpg\" alt=\"\" class=\"wp-image-1860\" srcset=\"https:\/\/www.cpcm03.fr\/wp-content\/uploads\/2020\/06\/Antoine-Bourgeon-DSC_0342-800x531.jpg 800w, https:\/\/www.cpcm03.fr\/wp-content\/uploads\/2020\/06\/Antoine-Bourgeon-DSC_0342-300x199.jpg 300w, https:\/\/www.cpcm03.fr\/wp-content\/uploads\/2020\/06\/Antoine-Bourgeon-DSC_0342-768x510.jpg 768w, https:\/\/www.cpcm03.fr\/wp-content\/uploads\/2020\/06\/Antoine-Bourgeon-DSC_0342-1536x1020.jpg 1536w, https:\/\/www.cpcm03.fr\/wp-content\/uploads\/2020\/06\/Antoine-Bourgeon-DSC_0342-2048x1360.jpg 2048w, https:\/\/www.cpcm03.fr\/wp-content\/uploads\/2020\/06\/Antoine-Bourgeon-DSC_0342-1200x797.jpg 1200w\" sizes=\"auto, (max-width: 800px) 100vw, 800px\" \/><figcaption>R\u00e9alisation Alain Bourgeon<\/figcaption><\/figure>\n\n\n\n<figure class=\"wp-block-image size-large\"><img loading=\"lazy\" decoding=\"async\" width=\"800\" height=\"533\" src=\"http:\/\/www.cpcm03.fr\/wp-content\/uploads\/2020\/06\/Papillon-DSC_1709-a-site-800x533.jpg\" alt=\"\" class=\"wp-image-1034\" srcset=\"https:\/\/www.cpcm03.fr\/wp-content\/uploads\/2020\/06\/Papillon-DSC_1709-a-site-800x533.jpg 800w, https:\/\/www.cpcm03.fr\/wp-content\/uploads\/2020\/06\/Papillon-DSC_1709-a-site-300x200.jpg 300w, https:\/\/www.cpcm03.fr\/wp-content\/uploads\/2020\/06\/Papillon-DSC_1709-a-site-768x512.jpg 768w, https:\/\/www.cpcm03.fr\/wp-content\/uploads\/2020\/06\/Papillon-DSC_1709-a-site.jpg 900w\" sizes=\"auto, (max-width: 800px) 100vw, 800px\" \/><figcaption>Papillons<\/figcaption><\/figure>\n\n\n\n<figure class=\"wp-block-image size-large is-style-default\"><img loading=\"lazy\" decoding=\"async\" width=\"800\" height=\"530\" src=\"http:\/\/www.cpcm03.fr\/wp-content\/uploads\/2020\/06\/chevaux-DSC1428-800x530.jpg\" alt=\"\" class=\"wp-image-813\" srcset=\"https:\/\/www.cpcm03.fr\/wp-content\/uploads\/2020\/06\/chevaux-DSC1428-800x530.jpg 800w, https:\/\/www.cpcm03.fr\/wp-content\/uploads\/2020\/06\/chevaux-DSC1428-300x199.jpg 300w, https:\/\/www.cpcm03.fr\/wp-content\/uploads\/2020\/06\/chevaux-DSC1428-768x509.jpg 768w, https:\/\/www.cpcm03.fr\/wp-content\/uploads\/2020\/06\/chevaux-DSC1428-1536x1017.jpg 1536w, https:\/\/www.cpcm03.fr\/wp-content\/uploads\/2020\/06\/chevaux-DSC1428-2048x1356.jpg 2048w, https:\/\/www.cpcm03.fr\/wp-content\/uploads\/2020\/06\/chevaux-DSC1428-1200x795.jpg 1200w\" sizes=\"auto, (max-width: 800px) 100vw, 800px\" \/><figcaption>Jument et sa jeune pouliche<\/figcaption><\/figure>\n\n\n\n<figure class=\"wp-block-image size-large\"><img loading=\"lazy\" decoding=\"async\" width=\"800\" height=\"539\" src=\"http:\/\/www.cpcm03.fr\/wp-content\/uploads\/2020\/06\/DSC0986-D\u00e9fi-Antoine-800x539.jpg\" alt=\"\" class=\"wp-image-818\" srcset=\"https:\/\/www.cpcm03.fr\/wp-content\/uploads\/2020\/06\/DSC0986-D\u00e9fi-Antoine-800x539.jpg 800w, https:\/\/www.cpcm03.fr\/wp-content\/uploads\/2020\/06\/DSC0986-D\u00e9fi-Antoine-300x202.jpg 300w, https:\/\/www.cpcm03.fr\/wp-content\/uploads\/2020\/06\/DSC0986-D\u00e9fi-Antoine-768x517.jpg 768w, https:\/\/www.cpcm03.fr\/wp-content\/uploads\/2020\/06\/DSC0986-D\u00e9fi-Antoine-1536x1035.jpg 1536w, https:\/\/www.cpcm03.fr\/wp-content\/uploads\/2020\/06\/DSC0986-D\u00e9fi-Antoine-2048x1380.jpg 2048w, https:\/\/www.cpcm03.fr\/wp-content\/uploads\/2020\/06\/DSC0986-D\u00e9fi-Antoine-1200x808.jpg 1200w\" sizes=\"auto, (max-width: 800px) 100vw, 800px\" \/><figcaption>L&rsquo;\u00e9tang de Sault \u00e0 l&rsquo;automne<\/figcaption><\/figure>\n\n\n\n<figure class=\"wp-block-image size-large\"><img loading=\"lazy\" decoding=\"async\" width=\"800\" height=\"530\" src=\"http:\/\/www.cpcm03.fr\/wp-content\/uploads\/2020\/06\/Le-Puy-DSC_0665-800x530.jpg\" alt=\"\" class=\"wp-image-1651\" srcset=\"https:\/\/www.cpcm03.fr\/wp-content\/uploads\/2020\/06\/Le-Puy-DSC_0665-800x530.jpg 800w, https:\/\/www.cpcm03.fr\/wp-content\/uploads\/2020\/06\/Le-Puy-DSC_0665-300x199.jpg 300w, https:\/\/www.cpcm03.fr\/wp-content\/uploads\/2020\/06\/Le-Puy-DSC_0665-768x509.jpg 768w, https:\/\/www.cpcm03.fr\/wp-content\/uploads\/2020\/06\/Le-Puy-DSC_0665.jpg 900w\" sizes=\"auto, (max-width: 800px) 100vw, 800px\" \/><figcaption>Ville du Puy, en arri\u00e8re plan le Rocher aiguille<\/figcaption><\/figure>\n\n\n\n<figure class=\"wp-block-image size-large\"><img loading=\"lazy\" decoding=\"async\" width=\"800\" height=\"516\" src=\"http:\/\/www.cpcm03.fr\/wp-content\/uploads\/2020\/06\/MupopDSC_1195-800x516.jpg\" alt=\"\" class=\"wp-image-1652\" srcset=\"https:\/\/www.cpcm03.fr\/wp-content\/uploads\/2020\/06\/MupopDSC_1195-800x516.jpg 800w, https:\/\/www.cpcm03.fr\/wp-content\/uploads\/2020\/06\/MupopDSC_1195-300x194.jpg 300w, https:\/\/www.cpcm03.fr\/wp-content\/uploads\/2020\/06\/MupopDSC_1195-768x496.jpg 768w, https:\/\/www.cpcm03.fr\/wp-content\/uploads\/2020\/06\/MupopDSC_1195.jpg 900w\" sizes=\"auto, (max-width: 800px) 100vw, 800px\" \/><figcaption>Le magnifique Mus\u00e9e de la musique de Montlu\u00e7on &lt; Mupop &gt;<\/figcaption><\/figure>\n\n\n\n\n\n<figure class=\"wp-block-image size-large\"><img loading=\"lazy\" decoding=\"async\" width=\"800\" height=\"530\" src=\"http:\/\/www.cpcm03.fr\/wp-content\/uploads\/2020\/06\/Phare-des-Baleines-DSC_0541-800x530.jpg\" alt=\"\" class=\"wp-image-1653\" srcset=\"https:\/\/www.cpcm03.fr\/wp-content\/uploads\/2020\/06\/Phare-des-Baleines-DSC_0541-800x530.jpg 800w, https:\/\/www.cpcm03.fr\/wp-content\/uploads\/2020\/06\/Phare-des-Baleines-DSC_0541-300x199.jpg 300w, https:\/\/www.cpcm03.fr\/wp-content\/uploads\/2020\/06\/Phare-des-Baleines-DSC_0541-768x509.jpg 768w, https:\/\/www.cpcm03.fr\/wp-content\/uploads\/2020\/06\/Phare-des-Baleines-DSC_0541-1536x1017.jpg 1536w, https:\/\/www.cpcm03.fr\/wp-content\/uploads\/2020\/06\/Phare-des-Baleines-DSC_0541-2048x1356.jpg 2048w, https:\/\/www.cpcm03.fr\/wp-content\/uploads\/2020\/06\/Phare-des-Baleines-DSC_0541-1200x795.jpg 1200w\" sizes=\"auto, (max-width: 800px) 100vw, 800px\" \/><figcaption>Escalier h\u00e9lico\u00efdal du Phare des Baleines \u00e0 l&rsquo;Ile de R\u00e9<\/figcaption><\/figure>\n","protected":false},"excerpt":{"rendered":"","protected":false},"author":1,"featured_media":0,"parent":0,"menu_order":0,"comment_status":"closed","ping_status":"closed","template":"","meta":{"_bbp_topic_count":0,"_bbp_reply_count":0,"_bbp_total_topic_count":0,"_bbp_total_reply_count":0,"_bbp_voice_count":0,"_bbp_anonymous_reply_count":0,"_bbp_topic_count_hidden":0,"_bbp_reply_count_hidden":0,"_bbp_forum_subforum_count":0,"om_disable_all_campaigns":false,"_monsterinsights_skip_tracking":false,"_monsterinsights_sitenote_active":false,"_monsterinsights_sitenote_note":"","_monsterinsights_sitenote_category":0,"_uf_show_specific_survey":0,"_uf_disable_surveys":false,"footnotes":""},"class_list":["post-699","page","type-page","status-publish","hentry"],"aioseo_notices":[],"_links":{"self":[{"href":"https:\/\/www.cpcm03.fr\/index.php?rest_route=\/wp\/v2\/pages\/699","targetHints":{"allow":["GET"]}}],"collection":[{"href":"https:\/\/www.cpcm03.fr\/index.php?rest_route=\/wp\/v2\/pages"}],"about":[{"href":"https:\/\/www.cpcm03.fr\/index.php?rest_route=\/wp\/v2\/types\/page"}],"author":[{"embeddable":true,"href":"https:\/\/www.cpcm03.fr\/index.php?rest_route=\/wp\/v2\/users\/1"}],"replies":[{"embeddable":true,"href":"https:\/\/www.cpcm03.fr\/index.php?rest_route=%2Fwp%2Fv2%2Fcomments&post=699"}],"version-history":[{"count":29,"href":"https:\/\/www.cpcm03.fr\/index.php?rest_route=\/wp\/v2\/pages\/699\/revisions"}],"predecessor-version":[{"id":2199,"href":"https:\/\/www.cpcm03.fr\/index.php?rest_route=\/wp\/v2\/pages\/699\/revisions\/2199"}],"wp:attachment":[{"href":"https:\/\/www.cpcm03.fr\/index.php?rest_route=%2Fwp%2Fv2%2Fmedia&parent=699"}],"curies":[{"name":"wp","href":"https:\/\/api.w.org\/{rel}","templated":true}]}}